{"id":2097,"date":"2014-09-22T16:50:23","date_gmt":"2014-09-22T14:50:23","guid":{"rendered":"http:\/\/www.zsk.olsztyn.pl\/przedszkole\/?page_id=2097"},"modified":"2026-01-14T00:36:21","modified_gmt":"2026-01-13T22:36:21","slug":"rekrutacja","status":"publish","type":"page","link":"https:\/\/www.zsk.olsztyn.pl\/przedszkole\/rekrutacja\/","title":{"rendered":"Rekrutacja"},"content":{"rendered":"<p>[vc_row][vc_column][na_tytul tytul=&#8221;Rekrutacja&#8221; tytuln=&#8221;Rekrutacja&#8221;][vc_column_text]<\/p>\n<h3 class=\"begrreenn\">HARMONOGRAM REKRUTACJI NA ROK SZKOLNY 2026\/2027<\/h3>\n<table class=\"trekr\">\n<tbody>\n<tr>\n<td class=\"ttop\">DATA<\/td>\n<td class=\"ttop\">ETAP REKRUTACJI \/ CZYNNO\u015aCI RODZICA<\/td>\n<\/tr>\n<tr class=\"beg\">\n<td>2 lutego &#8211; 13 lutego 2026 r.<\/td>\n<td>Rodzice dzieci ucz\u0119szczaj\u0105cych, potwierdzaj\u0105 ch\u0119\u0107 korzystania z us\u0142ug przedszkola, przedk\u0142adaj\u0105c dyrektorowi <b>deklaracj\u0119 potwierdzaj\u0105c\u0105 zg\u0142oszenie dziecka do Przedszkola.<\/b><br \/>\nDeklaracj\u0119 potwierdzaj\u0105ce zg\u0142oszenie dziecka do Przedszkola b\u0119d\u0105 wydawane w sekretariacie.<br \/>\nWype\u0142niona deklaracj\u0119 z dowodem op\u0142aty wpisowej dostarczamy do sekretariatu w godzinach 7.00-15.00.<\/td>\n<\/tr>\n<tr>\n<td>23 lutego \u2013 6 marca 2026 r.<br \/>\n<span class=\"bered\">Informacja dla nowych Rodzic\u00f3w<\/span><\/td>\n<td>Wydawanie i przyjmowanie deklaracji zg\u0142osze\u0144 dzieci, kt\u00f3re po raz pierwszy zapisywane s\u0105 do przedszkola.<br \/>\nO zapisie dzieci do przedszkola decyduje ilo\u015b\u0107 wolnych miejsc<br \/>\nw poszczeg\u00f3lnych grupach.<br \/>\nDeklaracje zapisu dziecka do przedszkola mo\u017cna odebra\u0107 w sekretariacie lub pobra\u0107 na stronie internetowej przedszkola. Dokumentacja powinna by\u0107 wype\u0142niona we wszystkich polach. Na deklaracji wymagane s\u0105 <b>podpisy obojga Rodzic\u00f3w<\/b>. Wype\u0142nion\u0105 dokumentacj\u0119 <u>nale\u017cy dostarczy\u0107 do sekretariatu plac\u00f3wki<br \/>\n<\/u><\/td>\n<\/tr>\n<tr class=\"beg\">\n<td>2 marca &#8211; 6 marca 2026 r.<\/td>\n<td>Mo\u017cliwo\u015b\u0107 spotka\u0144 indywidualnych z Dyrektorem po wcze\u015bniejszym ustaleniu daty. Organizacja spotka\u0144 mo\u017cna ustali\u0107 telefonicznie poprzez sekretariat 895333844 lub mailow\u0105 <a href=\"\u201dmailto:przedszkole.swietarodzina@tlen.pl\u201d\">przedszkole.swietarodzina@tlen.pl<\/a><\/td>\n<\/tr>\n<tr>\n<td>10 marca 2026 r.<\/td>\n<td>O wynikach przyj\u0119cia dziecka do przedszkola po raz pierwszy informujemy rodzic\u00f3w telefonicznie przez sekretariat; <b>nie publikuje ich na stronie internetowej.<\/b><br \/>\nRodzice dzieci nieprzyj\u0119tych do przedszkola mog\u0105 z\u0142o\u017cy\u0107 pisemne podanie o ponowne rozpatrzenie przyj\u0119cia kandydata \u2013 wpisanie na list\u0119 rezerwow\u0105 kandydat\u00f3w do przedszkola. Pro\u015bby te b\u0119d\u0105 rozpatrywane w przypadku zwolnienia si\u0119 miejsca w oddziale. O wyniku ponownego rozpatrzenia pro\u015bby rodzice zostan\u0105 poinformowani telefonicznie.<\/td>\n<\/tr>\n<tr class=\"beg\">\n<td>od 16 marca do 27 marca 2026 r.<\/td>\n<td>Rodzice dzieci przyj\u0119tych do przedszkola b\u0119d\u0105 zobowi\u0105zani do podpisania umowy o \u015bwiadczenie us\u0142ug z Przedszkolem<\/td>\n<\/tr>\n<\/tbody>\n<\/table>\n<h3 class=\"mt40 begrreenn\">W ROKU SZKOLNYM 2026\/2027 PLANOWANE S\u0104 NAST\u0118PUJ\u0104CE GRUPY WIEKOWE:<\/h3>\n<ul>\n<li>Grupa I &#8211; 2,5 i 3 latk\u00f3w,<\/li>\n<li>Grupa II- 4 latk\u00f3w,<\/li>\n<li>Grupa III- 5 latk\u00f3w,<\/li>\n<li>Grupa IV- 6 latk\u00f3w.<\/li>\n<\/ul>\n<h3 class=\"mt40 begrreenn\">PLIKI DO POBRANIA:<\/h3>\n<p><a href=\"https:\/\/www.zsk.olsztyn.pl\/przedszkole\/wp-content\/uploads\/2026\/01\/Deklaracja-zapisu-dziecka-do-NP-2026-2027.docx\" target=\"_blank\" rel=\"noopener\">Karta deklaracji zapisu dziecka do przedszkola<\/a><br \/>\n<a href=\"https:\/\/www.zsk.olsztyn.pl\/przedszkole\/wp-content\/uploads\/2026\/01\/Do-deklaracji-NP-2026-27_RODO-i-oswiadczenie.docx\" target=\"_blank\" rel=\"noopener\">Klauzula RODO i o\u015bwiadczenie<\/a><br \/>\n<a href=\"https:\/\/www.zsk.olsztyn.pl\/przedszkole\/wp-content\/uploads\/2021\/01\/Nr-konta.pdf\" target=\"_blank\" rel=\"noopener\">Nr\u00a0 konta<\/a>[\/vc_column_text][\/vc_column][\/vc_row]<\/p>\n","protected":false},"excerpt":{"rendered":"<p>[vc_row][vc_column][na_tytul tytul=&#8221;Rekrutacja&#8221; tytuln=&#8221;Rekrutacja&#8221;][vc_column_text] HARMONOGRAM REKRUTACJI NA ROK SZKOLNY 2026\/2027 DATA ETAP REKRUTACJI \/ CZYNNO\u015aCI RODZICA 2 lutego &#8211; 13 lutego 2026 r. Rodzice dzieci ucz\u0119szczaj\u0105cych, potwierdzaj\u0105 ch\u0119\u0107 korzystania z us\u0142ug przedszkola, przedk\u0142adaj\u0105c dyrektorowi deklaracj\u0119 potwierdzaj\u0105c\u0105 zg\u0142oszenie dziecka do Przedszkola. Deklaracj\u0119 potwierdzaj\u0105ce zg\u0142oszenie dziecka do Przedszkola b\u0119d\u0105 wydawane w sekretariacie. Wype\u0142niona deklaracj\u0119 z dowodem op\u0142aty wpisowej<\/p>\n","protected":false},"author":1,"featured_media":0,"parent":0,"menu_order":0,"comment_status":"open","ping_status":"open","template":"","meta":[],"yoast_head":"<!-- This site is optimized with the Yoast SEO plugin v18.2 - https:\/\/yoast.com\/wordpress\/plugins\/seo\/ -->\n<title>Rekrutacja - Katolicki Zesp\u00f3\u0142 Edukacyjny - Niepubliczne przedszkole<\/title>\n<meta name=\"description\" content=\"HARMONOGRAM REKRUTACJI NA ROK SZKOLNY 2026\/2027 DATA ETAP REKRUTACJI \/ CZYNNO\u015aCI RODZICA 2 lutego - 13 lutego 2026 r. Rodzice dzieci ucz\u0119szczaj\u0105cych,\" \/>\n<meta name=\"robots\" content=\"index, follow, max-snippet:-1, max-image-preview:large, max-video-preview:-1\" \/>\n<link rel=\"canonical\" href=\"https:\/\/www.zsk.olsztyn.pl\/przedszkole\/rekrutacja\/\" \/>\n<meta name=\"twitter:label1\" content=\"Szacowany czas czytania\" \/>\n\t<meta name=\"twitter:data1\" content=\"2 minuty\" \/>\n<script type=\"application\/ld+json\" class=\"yoast-schema-graph\">{\"@context\":\"https:\/\/schema.org\",\"@graph\":[{\"@type\":\"WebSite\",\"@id\":\"https:\/\/www.zsk.olsztyn.pl\/przedszkole\/#website\",\"url\":\"https:\/\/www.zsk.olsztyn.pl\/przedszkole\/\",\"name\":\"Katolicki Zesp\u00f3\u0142 Edukacyjny - Niepubliczne przedszkole\",\"description\":\"Zapraszamy na stron\u0119 katolickiego niepublicznego przedszkola\",\"potentialAction\":[{\"@type\":\"SearchAction\",\"target\":{\"@type\":\"EntryPoint\",\"urlTemplate\":\"https:\/\/www.zsk.olsztyn.pl\/przedszkole\/?s={search_term_string}\"},\"query-input\":\"required name=search_term_string\"}],\"inLanguage\":\"pl-PL\"},{\"@type\":\"WebPage\",\"@id\":\"https:\/\/www.zsk.olsztyn.pl\/przedszkole\/rekrutacja\/#webpage\",\"url\":\"https:\/\/www.zsk.olsztyn.pl\/przedszkole\/rekrutacja\/\",\"name\":\"Rekrutacja - Katolicki Zesp\u00f3\u0142 Edukacyjny - Niepubliczne przedszkole\",\"isPartOf\":{\"@id\":\"https:\/\/www.zsk.olsztyn.pl\/przedszkole\/#website\"},\"datePublished\":\"2014-09-22T14:50:23+00:00\",\"dateModified\":\"2026-01-13T22:36:21+00:00\",\"description\":\"HARMONOGRAM REKRUTACJI NA ROK SZKOLNY 2026\/2027 DATA ETAP REKRUTACJI \/ CZYNNO\u015aCI RODZICA 2 lutego - 13 lutego 2026 r. Rodzice dzieci ucz\u0119szczaj\u0105cych,\",\"breadcrumb\":{\"@id\":\"https:\/\/www.zsk.olsztyn.pl\/przedszkole\/rekrutacja\/#breadcrumb\"},\"inLanguage\":\"pl-PL\",\"potentialAction\":[{\"@type\":\"ReadAction\",\"target\":[\"https:\/\/www.zsk.olsztyn.pl\/przedszkole\/rekrutacja\/\"]}]},{\"@type\":\"BreadcrumbList\",\"@id\":\"https:\/\/www.zsk.olsztyn.pl\/przedszkole\/rekrutacja\/#breadcrumb\",\"itemListElement\":[{\"@type\":\"ListItem\",\"position\":1,\"name\":\"Strona g\u0142\u00f3wna\",\"item\":\"https:\/\/www.zsk.olsztyn.pl\/przedszkole\/\"},{\"@type\":\"ListItem\",\"position\":2,\"name\":\"Rekrutacja\"}]}]}<\/script>\n<!-- \/ Yoast SEO plugin. -->","yoast_head_json":{"title":"Rekrutacja - Katolicki Zesp\u00f3\u0142 Edukacyjny - Niepubliczne przedszkole","description":"HARMONOGRAM REKRUTACJI NA ROK SZKOLNY 2026\/2027 DATA ETAP REKRUTACJI \/ CZYNNO\u015aCI RODZICA 2 lutego - 13 lutego 2026 r. Rodzice dzieci ucz\u0119szczaj\u0105cych,","robots":{"index":"index","follow":"follow","max-snippet":"max-snippet:-1","max-image-preview":"max-image-preview:large","max-video-preview":"max-video-preview:-1"},"canonical":"https:\/\/www.zsk.olsztyn.pl\/przedszkole\/rekrutacja\/","twitter_misc":{"Szacowany czas czytania":"2 minuty"},"schema":{"@context":"https:\/\/schema.org","@graph":[{"@type":"WebSite","@id":"https:\/\/www.zsk.olsztyn.pl\/przedszkole\/#website","url":"https:\/\/www.zsk.olsztyn.pl\/przedszkole\/","name":"Katolicki Zesp\u00f3\u0142 Edukacyjny - Niepubliczne przedszkole","description":"Zapraszamy na stron\u0119 katolickiego niepublicznego przedszkola","potentialAction":[{"@type":"SearchAction","target":{"@type":"EntryPoint","urlTemplate":"https:\/\/www.zsk.olsztyn.pl\/przedszkole\/?s={search_term_string}"},"query-input":"required name=search_term_string"}],"inLanguage":"pl-PL"},{"@type":"WebPage","@id":"https:\/\/www.zsk.olsztyn.pl\/przedszkole\/rekrutacja\/#webpage","url":"https:\/\/www.zsk.olsztyn.pl\/przedszkole\/rekrutacja\/","name":"Rekrutacja - Katolicki Zesp\u00f3\u0142 Edukacyjny - Niepubliczne przedszkole","isPartOf":{"@id":"https:\/\/www.zsk.olsztyn.pl\/przedszkole\/#website"},"datePublished":"2014-09-22T14:50:23+00:00","dateModified":"2026-01-13T22:36:21+00:00","description":"HARMONOGRAM REKRUTACJI NA ROK SZKOLNY 2026\/2027 DATA ETAP REKRUTACJI \/ CZYNNO\u015aCI RODZICA 2 lutego - 13 lutego 2026 r. Rodzice dzieci ucz\u0119szczaj\u0105cych,","breadcrumb":{"@id":"https:\/\/www.zsk.olsztyn.pl\/przedszkole\/rekrutacja\/#breadcrumb"},"inLanguage":"pl-PL","potentialAction":[{"@type":"ReadAction","target":["https:\/\/www.zsk.olsztyn.pl\/przedszkole\/rekrutacja\/"]}]},{"@type":"BreadcrumbList","@id":"https:\/\/www.zsk.olsztyn.pl\/przedszkole\/rekrutacja\/#breadcrumb","itemListElement":[{"@type":"ListItem","position":1,"name":"Strona g\u0142\u00f3wna","item":"https:\/\/www.zsk.olsztyn.pl\/przedszkole\/"},{"@type":"ListItem","position":2,"name":"Rekrutacja"}]}]}},"_links":{"self":[{"href":"https:\/\/www.zsk.olsztyn.pl\/przedszkole\/wp-json\/wp\/v2\/pages\/2097"}],"collection":[{"href":"https:\/\/www.zsk.olsztyn.pl\/przedszkole\/wp-json\/wp\/v2\/pages"}],"about":[{"href":"https:\/\/www.zsk.olsztyn.pl\/przedszkole\/wp-json\/wp\/v2\/types\/page"}],"author":[{"embeddable":true,"href":"https:\/\/www.zsk.olsztyn.pl\/przedszkole\/wp-json\/wp\/v2\/users\/1"}],"replies":[{"embeddable":true,"href":"https:\/\/www.zsk.olsztyn.pl\/przedszkole\/wp-json\/wp\/v2\/comments?post=2097"}],"version-history":[{"count":37,"href":"https:\/\/www.zsk.olsztyn.pl\/przedszkole\/wp-json\/wp\/v2\/pages\/2097\/revisions"}],"predecessor-version":[{"id":24180,"href":"https:\/\/www.zsk.olsztyn.pl\/przedszkole\/wp-json\/wp\/v2\/pages\/2097\/revisions\/24180"}],"wp:attachment":[{"href":"https:\/\/www.zsk.olsztyn.pl\/przedszkole\/wp-json\/wp\/v2\/media?parent=2097"}],"curies":[{"name":"wp","href":"https:\/\/api.w.org\/{rel}","templated":true}]}}