{"id":2086,"date":"2014-09-22T16:38:30","date_gmt":"2014-09-22T14:38:30","guid":{"rendered":"http:\/\/www.zsk.olsztyn.pl\/przedszkole\/?page_id=2086"},"modified":"2026-02-17T14:19:26","modified_gmt":"2026-02-17T12:19:26","slug":"oplaty","status":"publish","type":"page","link":"https:\/\/www.zsk.olsztyn.pl\/przedszkole\/organizacja\/oplaty\/","title":{"rendered":"Op\u0142aty"},"content":{"rendered":"<p>[vc_row][vc_column][na_tytul tytuln=&#8221;Op\u0142aty&#8221;][vc_column_text el_class=&#8221;cent&#8221;]<\/p>\n<div class=\"oplaty_tyt\">Op\u0142ata miesi\u0119czna za przedszkole wynosi :<\/div>\n<p><strong>&#8211; 500 z\u0142 &#8211; za I dziecko<\/strong> + dzienna stawka za wy\u017cywienie 17 z\u0142<\/p>\n<p><em><strong>&#8211; 400 z\u0142 &#8211; za II dziecko<\/strong><\/em> + dzienna stawka za wy\u017cywienie 17 z\u0142<\/p>\n<div class=\"oplaty_tyt\">W koszt czesnego wchodz\u0105 zaj\u0119cia dodatkowe:<\/div>\n<ol style=\"list-style-type: none;\">\n<li><strong>Zaj\u0119cia muzyczne &#8211; rytmika<\/strong><\/li>\n<li><strong>J\u0119zyk angielski<\/strong><\/li>\n<li><strong>Katecheza<\/strong><\/li>\n<li><strong>Ta\u0144ce<\/strong><\/li>\n<li><strong>Gimnastyka rozwojowa<\/strong><\/li>\n<li><strong>Szermierka 6 latki<\/strong><\/li>\n<li><strong>Tenis sto\u0142owy 6 latki<\/strong><\/li>\n<li><strong>Szachy 5-6 latki<\/strong><\/li>\n<li><strong>Malarstwo 5-6 latki<\/strong><\/li>\n<li><strong>Zaj\u0119cia logopedyczne<\/strong><\/li>\n<li><strong>Zaj\u0119cia korekcyjno-kompensacyjne<\/strong><\/li>\n<li><strong>Zaj\u0119cia z psychologiem<\/strong><\/li>\n<li><strong>Zaj\u0119cia rewalidacyjne<\/strong><\/li>\n<li><strong>Zaj\u0119cia z wczesnego wspomagania rozwoju<\/strong><\/li>\n<li><strong>Wyst\u0119py raz w miesi\u0105cu: Filharmonia, Teatrzyk<\/strong><\/li>\n<\/ol>\n<p>[\/vc_column_text][\/vc_column][\/vc_row]<\/p>\n","protected":false},"excerpt":{"rendered":"<p>[vc_row][vc_column][na_tytul tytuln=&#8221;Op\u0142aty&#8221;][vc_column_text el_class=&#8221;cent&#8221;] Op\u0142ata miesi\u0119czna za przedszkole wynosi : &#8211; 500 z\u0142 &#8211; za I dziecko + dzienna stawka za wy\u017cywienie 17 z\u0142 &#8211; 400 z\u0142 &#8211; za II dziecko + dzienna stawka za wy\u017cywienie 17 z\u0142 W koszt czesnego wchodz\u0105 zaj\u0119cia dodatkowe: Zaj\u0119cia muzyczne &#8211; rytmika J\u0119zyk angielski Katecheza Ta\u0144ce Gimnastyka rozwojowa Szermierka 6<\/p>\n","protected":false},"author":1,"featured_media":0,"parent":2080,"menu_order":0,"comment_status":"open","ping_status":"closed","template":"","meta":[],"yoast_head":"<!-- This site is optimized with the Yoast SEO plugin v18.2 - https:\/\/yoast.com\/wordpress\/plugins\/seo\/ -->\n<title>Op\u0142aty - Katolicki Zesp\u00f3\u0142 Edukacyjny - Niepubliczne przedszkole<\/title>\n<meta name=\"description\" content=\"Op\u0142ata miesi\u0119czna za przedszkole wynosi : - 500 z\u0142 - za I dziecko + dzienna stawka za wy\u017cywienie 17 z\u0142 - 400 z\u0142 - za II dziecko + dzienna stawka za\" \/>\n<meta name=\"robots\" content=\"index, follow, max-snippet:-1, max-image-preview:large, max-video-preview:-1\" \/>\n<link rel=\"canonical\" href=\"https:\/\/www.zsk.olsztyn.pl\/przedszkole\/organizacja\/oplaty\/\" \/>\n<meta name=\"twitter:label1\" content=\"Szacowany czas czytania\" \/>\n\t<meta name=\"twitter:data1\" content=\"1 minuta\" \/>\n<script type=\"application\/ld+json\" class=\"yoast-schema-graph\">{\"@context\":\"https:\/\/schema.org\",\"@graph\":[{\"@type\":\"WebSite\",\"@id\":\"https:\/\/www.zsk.olsztyn.pl\/przedszkole\/#website\",\"url\":\"https:\/\/www.zsk.olsztyn.pl\/przedszkole\/\",\"name\":\"Katolicki Zesp\u00f3\u0142 Edukacyjny - Niepubliczne przedszkole\",\"description\":\"Zapraszamy na stron\u0119 katolickiego niepublicznego przedszkola\",\"potentialAction\":[{\"@type\":\"SearchAction\",\"target\":{\"@type\":\"EntryPoint\",\"urlTemplate\":\"https:\/\/www.zsk.olsztyn.pl\/przedszkole\/?s={search_term_string}\"},\"query-input\":\"required name=search_term_string\"}],\"inLanguage\":\"pl-PL\"},{\"@type\":\"WebPage\",\"@id\":\"https:\/\/www.zsk.olsztyn.pl\/przedszkole\/organizacja\/oplaty\/#webpage\",\"url\":\"https:\/\/www.zsk.olsztyn.pl\/przedszkole\/organizacja\/oplaty\/\",\"name\":\"Op\u0142aty - Katolicki Zesp\u00f3\u0142 Edukacyjny - Niepubliczne przedszkole\",\"isPartOf\":{\"@id\":\"https:\/\/www.zsk.olsztyn.pl\/przedszkole\/#website\"},\"datePublished\":\"2014-09-22T14:38:30+00:00\",\"dateModified\":\"2026-02-17T12:19:26+00:00\",\"description\":\"Op\u0142ata miesi\u0119czna za przedszkole wynosi : - 500 z\u0142 - za I dziecko + dzienna stawka za wy\u017cywienie 17 z\u0142 - 400 z\u0142 - za II dziecko + dzienna stawka za\",\"breadcrumb\":{\"@id\":\"https:\/\/www.zsk.olsztyn.pl\/przedszkole\/organizacja\/oplaty\/#breadcrumb\"},\"inLanguage\":\"pl-PL\",\"potentialAction\":[{\"@type\":\"ReadAction\",\"target\":[\"https:\/\/www.zsk.olsztyn.pl\/przedszkole\/organizacja\/oplaty\/\"]}]},{\"@type\":\"BreadcrumbList\",\"@id\":\"https:\/\/www.zsk.olsztyn.pl\/przedszkole\/organizacja\/oplaty\/#breadcrumb\",\"itemListElement\":[{\"@type\":\"ListItem\",\"position\":1,\"name\":\"Strona g\u0142\u00f3wna\",\"item\":\"https:\/\/www.zsk.olsztyn.pl\/przedszkole\/\"},{\"@type\":\"ListItem\",\"position\":2,\"name\":\"Organizacja\",\"item\":\"https:\/\/www.zsk.olsztyn.pl\/przedszkole\/organizacja\/\"},{\"@type\":\"ListItem\",\"position\":3,\"name\":\"Op\u0142aty\"}]}]}<\/script>\n<!-- \/ Yoast SEO plugin. -->","yoast_head_json":{"title":"Op\u0142aty - Katolicki Zesp\u00f3\u0142 Edukacyjny - Niepubliczne przedszkole","description":"Op\u0142ata miesi\u0119czna za przedszkole wynosi : - 500 z\u0142 - za I dziecko + dzienna stawka za wy\u017cywienie 17 z\u0142 - 400 z\u0142 - za II dziecko + dzienna stawka za","robots":{"index":"index","follow":"follow","max-snippet":"max-snippet:-1","max-image-preview":"max-image-preview:large","max-video-preview":"max-video-preview:-1"},"canonical":"https:\/\/www.zsk.olsztyn.pl\/przedszkole\/organizacja\/oplaty\/","twitter_misc":{"Szacowany czas czytania":"1 minuta"},"schema":{"@context":"https:\/\/schema.org","@graph":[{"@type":"WebSite","@id":"https:\/\/www.zsk.olsztyn.pl\/przedszkole\/#website","url":"https:\/\/www.zsk.olsztyn.pl\/przedszkole\/","name":"Katolicki Zesp\u00f3\u0142 Edukacyjny - Niepubliczne przedszkole","description":"Zapraszamy na stron\u0119 katolickiego niepublicznego przedszkola","potentialAction":[{"@type":"SearchAction","target":{"@type":"EntryPoint","urlTemplate":"https:\/\/www.zsk.olsztyn.pl\/przedszkole\/?s={search_term_string}"},"query-input":"required name=search_term_string"}],"inLanguage":"pl-PL"},{"@type":"WebPage","@id":"https:\/\/www.zsk.olsztyn.pl\/przedszkole\/organizacja\/oplaty\/#webpage","url":"https:\/\/www.zsk.olsztyn.pl\/przedszkole\/organizacja\/oplaty\/","name":"Op\u0142aty - Katolicki Zesp\u00f3\u0142 Edukacyjny - Niepubliczne przedszkole","isPartOf":{"@id":"https:\/\/www.zsk.olsztyn.pl\/przedszkole\/#website"},"datePublished":"2014-09-22T14:38:30+00:00","dateModified":"2026-02-17T12:19:26+00:00","description":"Op\u0142ata miesi\u0119czna za przedszkole wynosi : - 500 z\u0142 - za I dziecko + dzienna stawka za wy\u017cywienie 17 z\u0142 - 400 z\u0142 - za II dziecko + dzienna stawka za","breadcrumb":{"@id":"https:\/\/www.zsk.olsztyn.pl\/przedszkole\/organizacja\/oplaty\/#breadcrumb"},"inLanguage":"pl-PL","potentialAction":[{"@type":"ReadAction","target":["https:\/\/www.zsk.olsztyn.pl\/przedszkole\/organizacja\/oplaty\/"]}]},{"@type":"BreadcrumbList","@id":"https:\/\/www.zsk.olsztyn.pl\/przedszkole\/organizacja\/oplaty\/#breadcrumb","itemListElement":[{"@type":"ListItem","position":1,"name":"Strona g\u0142\u00f3wna","item":"https:\/\/www.zsk.olsztyn.pl\/przedszkole\/"},{"@type":"ListItem","position":2,"name":"Organizacja","item":"https:\/\/www.zsk.olsztyn.pl\/przedszkole\/organizacja\/"},{"@type":"ListItem","position":3,"name":"Op\u0142aty"}]}]}},"_links":{"self":[{"href":"https:\/\/www.zsk.olsztyn.pl\/przedszkole\/wp-json\/wp\/v2\/pages\/2086"}],"collection":[{"href":"https:\/\/www.zsk.olsztyn.pl\/przedszkole\/wp-json\/wp\/v2\/pages"}],"about":[{"href":"https:\/\/www.zsk.olsztyn.pl\/przedszkole\/wp-json\/wp\/v2\/types\/page"}],"author":[{"embeddable":true,"href":"https:\/\/www.zsk.olsztyn.pl\/przedszkole\/wp-json\/wp\/v2\/users\/1"}],"replies":[{"embeddable":true,"href":"https:\/\/www.zsk.olsztyn.pl\/przedszkole\/wp-json\/wp\/v2\/comments?post=2086"}],"version-history":[{"count":23,"href":"https:\/\/www.zsk.olsztyn.pl\/przedszkole\/wp-json\/wp\/v2\/pages\/2086\/revisions"}],"predecessor-version":[{"id":24237,"href":"https:\/\/www.zsk.olsztyn.pl\/przedszkole\/wp-json\/wp\/v2\/pages\/2086\/revisions\/24237"}],"up":[{"embeddable":true,"href":"https:\/\/www.zsk.olsztyn.pl\/przedszkole\/wp-json\/wp\/v2\/pages\/2080"}],"wp:attachment":[{"href":"https:\/\/www.zsk.olsztyn.pl\/przedszkole\/wp-json\/wp\/v2\/media?parent=2086"}],"curies":[{"name":"wp","href":"https:\/\/api.w.org\/{rel}","templated":true}]}}