{"id":14105,"date":"2022-02-26T09:44:20","date_gmt":"2022-02-26T07:44:20","guid":{"rendered":"http:\/\/www.zsk.olsztyn.pl\/przedszkole\/?page_id=14105"},"modified":"2025-09-10T01:49:30","modified_gmt":"2025-09-09T23:49:30","slug":"kalendarium-4latki","status":"publish","type":"page","link":"https:\/\/www.zsk.olsztyn.pl\/przedszkole\/kalendarium-4latki\/","title":{"rendered":"Kalendarium 4 Latki"},"content":{"rendered":"<p>[vc_row][vc_column][na_tytul tytul=&#8221;KALENDARIUM&#8221; tytuln=&#8221;Kalendarium&#8221;][vc_column_text]<\/p>\n<h3 class=\"cent\">Kalendarium w grupie 4-latk\u00f3w na rok szkolny 2025\/2026<\/h3>\n<table class=\"trekr all_ul_strz\">\n<tbody>\n<tr>\n<td class=\"ttop\">Miesi\u0105c<\/td>\n<td class=\"ttop\">Wydarzenia<\/td>\n<\/tr>\n<tr>\n<td>Wrzesie\u0144<\/td>\n<td>\n<ul>\n<li>Mi\u0119dzynarodowy Dzie\u0144 Kropki<\/li>\n<li>Dzie\u0144 Przedszkolaka &#8211; teatrzyk &#8220;Kozio\u0142ek Pacano\u0142ek&#8221;<\/li>\n<li>Miasteczko Umiej\u0119tno\u015bci Drogowych &#8211; Autochodzik<\/li>\n<li>Tydzie\u0144 Regionalny<\/li>\n<li>Dzie\u0144 Ch\u0142opaka<\/li>\n<\/ul>\n<\/td>\n<\/tr>\n<tr>\n<td>Pa\u017adziernik<\/td>\n<td>\n<ul>\n<li>Dzie\u0144 Anio\u0142a Str\u00f3\u017ca<\/li>\n<li>Dzie\u0144 Edukacji Narodowej<\/li>\n<li>Akcja &#8220;Milion Dzieci Modli si\u0119 na R\u00f3\u017ca\u0144cu&#8221;<\/li>\n<li>&#8220;Kot w butach&#8221; &#8211; teatrzyk<\/li>\n<li>Dzie\u0144 Kundelka &#8211; przedszkolna zbi\u00f3rka karmy do schroniska<\/li>\n<li>Bal Wszystkich \u015awi\u0119tych<\/li>\n<li>Wszystkich \u015awi\u0119tych &#8211; zaj\u0119cia tematyczne<\/li>\n<\/ul>\n<\/td>\n<\/tr>\n<tr>\n<td>Listopad<\/td>\n<td>\n<ul>\n<li>Dzie\u0144 Kanapki<\/li>\n<li>Obchody z okazji Narodowego \u015awi\u0119ta Niepodleg\u0142o\u015bci<\/li>\n<li>Spotkanie z dentyst\u0105<\/li>\n<li>Dzie\u0144 Praw Dziecka<\/li>\n<li>Dzie\u0144 Pluszowego Misia<\/li>\n<li>Wycieczka do Muzeum Przyrody &#8211; zaj\u0119cia pt. &#8220;Jak zwierz\u0119ta przygotowuj\u0105 si\u0119 do zimy?&#8221;<\/li>\n<li>Rodzinny konkurs techniczny &#8211; &#8220;Karmnik dla ptak\u00f3w&#8221;<\/li>\n<\/ul>\n<\/td>\n<\/tr>\n<tr>\n<td>Grudzie\u0144<\/td>\n<td>\n<ul>\n<li>Wypiekanie i ozdabianie \u015bwi\u0105tecznych pierniczk\u00f3w &#8211; warsztaty kulinarne<\/li>\n<li>Barb\u00f3rka <\/li>\n<li>Czy\u0144my dobro &#8211; przedszkolna, adwentowa zbi\u00f3rka \u017cywno\u015bci dla os\u00f3b bezdomnych &#8211; w ramach akcji &#8220;Spotkania przy herbacie&#8221;<\/li>\n<li>Miko\u0142ajki<\/li>\n<li>&#8220;Dziadek do orzech\u00f3w&#8221; &#8211; teatrzyk<\/li>\n<li>Wycieczka na poczt\u0119 &#8211; wys\u0142anie poczt\u00f3wek \u015bwi\u0105tecznych dla dzieci z dom\u00f3w dziecka, senior\u00f3w<\/li>\n<li>Wigilia grupowa<\/li>\n<li>&#8220;Ozdoba bo\u017conarodzeniowa&#8221; &#8211; konkurs rodzinny<\/li>\n<li>Warsztaty  \u015bwi\u0105teczne poza plac\u00f3wk\u0105<\/li>\n<\/ul>\n<\/td>\n<\/tr>\n<tr>\n<td>Stycze\u0144<\/td>\n<td>\n<ul>\n<li>\u015awi\u0119to Patronalne Plac\u00f3wek Edukacyjnych im. \u015awi\u0119tej Rodziny<\/li>\n<li>Wycieczka do Multicentrum &#8211; warsztaty<\/li>\n<li>Spotkanie z Policjantem &#8211; Bezpieczne Ferie<\/li>\n<li>Ferie zimowe 19.01 &#8211; 1.02<\/li>\n<\/ul>\n<\/td>\n<\/tr>\n<tr>\n<td>Luty<\/td>\n<td>\n<ul>\n<li>Bal Karnawa\u0142owy<\/li>\n<li>Dzie\u0144 Cichego Przyjaciela &#8211; Walentynki<\/li>\n<li>T\u0142usty Czwartek &#8211; wypiekanie fawork\u00f3w &#8211; warsztaty kulinarne<\/li>\n<li>Dzie\u0144 Babci i Dziadka<\/li>\n<li>Dzie\u0144 Dinozaura<\/li>\n<\/ul>\n<\/td>\n<\/tr>\n<tr>\n<td>Marzec<\/td>\n<td>\n<ul>\n<li>Dzie\u0144 Dziewczynek<\/li>\n<li>Wycieczka do Stra\u017cy Po\u017carnej &#8211; zaj\u0119cia w sali edukacyjnej &#8220;Ognik&#8221;<\/li>\n<li>Dzie\u0144 Matematyki<\/li>\n<li>&#8220;Witaj Wiosno&#8221; &#8211; wyst\u0119p artystyczny<\/li>\n<li>Warsztaty wiosenne z rodzicami<\/li>\n<li>Wycieczka do Teatru Lalek<\/li>\n<li>Wiosenny ogr\u00f3dek &#8211; za\u0142o\u017cenie ogr\u00f3dka na parapecie; wysiewanie nasion w przedszkolnym ogr\u00f3dku<\/li>\n<\/ul>\n<\/td>\n<\/tr>\n<tr>\n<td>Kwiecie\u0144<\/td>\n<td>\n<ul>\n<li>\u015aniadanie Wielkanocne<\/li>\n<li>Spotkanie z dietetykiem<\/li>\n<li>Koktajl owocowy &#8211; wykonanie zdrowego koktajlu<\/li>\n<li>&#8220;Bajeczki na codzienne smuteczki&#8221; &#8211; rodzinny konkurs literacki<\/li>\n<li>Tydzie\u0144 Ekologiczny<\/li>\n<li>Tydzie\u0144 Legend i Ba\u015bni Polskich<\/li>\n<\/ul>\n<\/td>\n<\/tr>\n<tr>\n<td>Maj<\/td>\n<td>\n<ul>\n<li>Wycieczka do Zagrody &#8220;Warmi\u0144ska Pszczo\u0142a&#8221; w Purdzie &#8211; spotkanie z pszczelarzem<\/li>\n<li>Kosmos &#8211; zaj\u0119cia tematyczne; pokaz mody kosmicznej<\/li>\n<li>Dzie\u0144 Rodzinki<\/li>\n<li>Wycieczka do Biblioteki<\/li>\n<\/ul>\n<\/td>\n<\/tr>\n<tr>\n<td>Czerwiec<\/td>\n<td>\n<ul>\n<li>Dzie\u0144 Dziecka<\/li>\n<li>Spotkanie z pracownikiem PKP<\/li>\n<li>Dzie\u0144 Ocean\u00f3w<\/li>\n<li>Zako\u0144czenie roku szkolnego 2025\/2026<\/li>\n<\/ul>\n<\/td>\n<\/tr>\n<\/tbody>\n<\/table>\n<p>[\/vc_column_text][\/vc_column][\/vc_row]<\/p>\n","protected":false},"excerpt":{"rendered":"<p>[vc_row][vc_column][na_tytul tytul=&#8221;KALENDARIUM&#8221; tytuln=&#8221;Kalendarium&#8221;][vc_column_text] Kalendarium w grupie 4-latk\u00f3w na rok szkolny 2025\/2026 Miesi\u0105c Wydarzenia Wrzesie\u0144 Mi\u0119dzynarodowy Dzie\u0144 Kropki Dzie\u0144 Przedszkolaka &#8211; teatrzyk &#8220;Kozio\u0142ek Pacano\u0142ek&#8221; Miasteczko Umiej\u0119tno\u015bci Drogowych &#8211; Autochodzik Tydzie\u0144 Regionalny Dzie\u0144 Ch\u0142opaka Pa\u017adziernik Dzie\u0144 Anio\u0142a Str\u00f3\u017ca Dzie\u0144 Edukacji Narodowej Akcja &#8220;Milion Dzieci Modli si\u0119 na R\u00f3\u017ca\u0144cu&#8221; &#8220;Kot w butach&#8221; &#8211; teatrzyk Dzie\u0144 Kundelka &#8211; przedszkolna<\/p>\n","protected":false},"author":2,"featured_media":0,"parent":0,"menu_order":0,"comment_status":"closed","ping_status":"closed","template":"","meta":[],"yoast_head":"<!-- This site is optimized with the Yoast SEO plugin v18.2 - https:\/\/yoast.com\/wordpress\/plugins\/seo\/ -->\n<title>Kalendarium 4 Latki - Katolicki Zesp\u00f3\u0142 Edukacyjny - Niepubliczne przedszkole<\/title>\n<meta name=\"description\" content=\"Kalendarium w grupie 4-latk\u00f3w na rok szkolny 2025\/2026 Miesi\u0105c Wydarzenia Wrzesie\u0144 Mi\u0119dzynarodowy Dzie\u0144 Kropki Dzie\u0144 Przedszkolaka - teatrzyk &quot;Kozio\u0142ek\" \/>\n<meta name=\"robots\" content=\"index, follow, max-snippet:-1, max-image-preview:large, max-video-preview:-1\" \/>\n<link rel=\"canonical\" href=\"https:\/\/www.zsk.olsztyn.pl\/przedszkole\/kalendarium-4latki\/\" \/>\n<meta name=\"twitter:label1\" content=\"Szacowany czas czytania\" \/>\n\t<meta name=\"twitter:data1\" content=\"5 minut\" \/>\n<script type=\"application\/ld+json\" class=\"yoast-schema-graph\">{\"@context\":\"https:\/\/schema.org\",\"@graph\":[{\"@type\":\"WebSite\",\"@id\":\"https:\/\/www.zsk.olsztyn.pl\/przedszkole\/#website\",\"url\":\"https:\/\/www.zsk.olsztyn.pl\/przedszkole\/\",\"name\":\"Katolicki Zesp\u00f3\u0142 Edukacyjny - Niepubliczne przedszkole\",\"description\":\"Zapraszamy na stron\u0119 katolickiego niepublicznego przedszkola\",\"potentialAction\":[{\"@type\":\"SearchAction\",\"target\":{\"@type\":\"EntryPoint\",\"urlTemplate\":\"https:\/\/www.zsk.olsztyn.pl\/przedszkole\/?s={search_term_string}\"},\"query-input\":\"required name=search_term_string\"}],\"inLanguage\":\"pl-PL\"},{\"@type\":\"WebPage\",\"@id\":\"https:\/\/www.zsk.olsztyn.pl\/przedszkole\/kalendarium-4latki\/#webpage\",\"url\":\"https:\/\/www.zsk.olsztyn.pl\/przedszkole\/kalendarium-4latki\/\",\"name\":\"Kalendarium 4 Latki - Katolicki Zesp\u00f3\u0142 Edukacyjny - Niepubliczne przedszkole\",\"isPartOf\":{\"@id\":\"https:\/\/www.zsk.olsztyn.pl\/przedszkole\/#website\"},\"datePublished\":\"2022-02-26T07:44:20+00:00\",\"dateModified\":\"2025-09-09T23:49:30+00:00\",\"description\":\"Kalendarium w grupie 4-latk\u00f3w na rok szkolny 2025\/2026 Miesi\u0105c Wydarzenia Wrzesie\u0144 Mi\u0119dzynarodowy Dzie\u0144 Kropki Dzie\u0144 Przedszkolaka - teatrzyk \\\"Kozio\u0142ek\",\"breadcrumb\":{\"@id\":\"https:\/\/www.zsk.olsztyn.pl\/przedszkole\/kalendarium-4latki\/#breadcrumb\"},\"inLanguage\":\"pl-PL\",\"potentialAction\":[{\"@type\":\"ReadAction\",\"target\":[\"https:\/\/www.zsk.olsztyn.pl\/przedszkole\/kalendarium-4latki\/\"]}]},{\"@type\":\"BreadcrumbList\",\"@id\":\"https:\/\/www.zsk.olsztyn.pl\/przedszkole\/kalendarium-4latki\/#breadcrumb\",\"itemListElement\":[{\"@type\":\"ListItem\",\"position\":1,\"name\":\"Strona g\u0142\u00f3wna\",\"item\":\"https:\/\/www.zsk.olsztyn.pl\/przedszkole\/\"},{\"@type\":\"ListItem\",\"position\":2,\"name\":\"Kalendarium 4 Latki\"}]}]}<\/script>\n<!-- \/ Yoast SEO plugin. -->","yoast_head_json":{"title":"Kalendarium 4 Latki - Katolicki Zesp\u00f3\u0142 Edukacyjny - Niepubliczne przedszkole","description":"Kalendarium w grupie 4-latk\u00f3w na rok szkolny 2025\/2026 Miesi\u0105c Wydarzenia Wrzesie\u0144 Mi\u0119dzynarodowy Dzie\u0144 Kropki Dzie\u0144 Przedszkolaka - teatrzyk \"Kozio\u0142ek","robots":{"index":"index","follow":"follow","max-snippet":"max-snippet:-1","max-image-preview":"max-image-preview:large","max-video-preview":"max-video-preview:-1"},"canonical":"https:\/\/www.zsk.olsztyn.pl\/przedszkole\/kalendarium-4latki\/","twitter_misc":{"Szacowany czas czytania":"5 minut"},"schema":{"@context":"https:\/\/schema.org","@graph":[{"@type":"WebSite","@id":"https:\/\/www.zsk.olsztyn.pl\/przedszkole\/#website","url":"https:\/\/www.zsk.olsztyn.pl\/przedszkole\/","name":"Katolicki Zesp\u00f3\u0142 Edukacyjny - Niepubliczne przedszkole","description":"Zapraszamy na stron\u0119 katolickiego niepublicznego przedszkola","potentialAction":[{"@type":"SearchAction","target":{"@type":"EntryPoint","urlTemplate":"https:\/\/www.zsk.olsztyn.pl\/przedszkole\/?s={search_term_string}"},"query-input":"required name=search_term_string"}],"inLanguage":"pl-PL"},{"@type":"WebPage","@id":"https:\/\/www.zsk.olsztyn.pl\/przedszkole\/kalendarium-4latki\/#webpage","url":"https:\/\/www.zsk.olsztyn.pl\/przedszkole\/kalendarium-4latki\/","name":"Kalendarium 4 Latki - Katolicki Zesp\u00f3\u0142 Edukacyjny - Niepubliczne przedszkole","isPartOf":{"@id":"https:\/\/www.zsk.olsztyn.pl\/przedszkole\/#website"},"datePublished":"2022-02-26T07:44:20+00:00","dateModified":"2025-09-09T23:49:30+00:00","description":"Kalendarium w grupie 4-latk\u00f3w na rok szkolny 2025\/2026 Miesi\u0105c Wydarzenia Wrzesie\u0144 Mi\u0119dzynarodowy Dzie\u0144 Kropki Dzie\u0144 Przedszkolaka - teatrzyk \"Kozio\u0142ek","breadcrumb":{"@id":"https:\/\/www.zsk.olsztyn.pl\/przedszkole\/kalendarium-4latki\/#breadcrumb"},"inLanguage":"pl-PL","potentialAction":[{"@type":"ReadAction","target":["https:\/\/www.zsk.olsztyn.pl\/przedszkole\/kalendarium-4latki\/"]}]},{"@type":"BreadcrumbList","@id":"https:\/\/www.zsk.olsztyn.pl\/przedszkole\/kalendarium-4latki\/#breadcrumb","itemListElement":[{"@type":"ListItem","position":1,"name":"Strona g\u0142\u00f3wna","item":"https:\/\/www.zsk.olsztyn.pl\/przedszkole\/"},{"@type":"ListItem","position":2,"name":"Kalendarium 4 Latki"}]}]}},"_links":{"self":[{"href":"https:\/\/www.zsk.olsztyn.pl\/przedszkole\/wp-json\/wp\/v2\/pages\/14105"}],"collection":[{"href":"https:\/\/www.zsk.olsztyn.pl\/przedszkole\/wp-json\/wp\/v2\/pages"}],"about":[{"href":"https:\/\/www.zsk.olsztyn.pl\/przedszkole\/wp-json\/wp\/v2\/types\/page"}],"author":[{"embeddable":true,"href":"https:\/\/www.zsk.olsztyn.pl\/przedszkole\/wp-json\/wp\/v2\/users\/2"}],"replies":[{"embeddable":true,"href":"https:\/\/www.zsk.olsztyn.pl\/przedszkole\/wp-json\/wp\/v2\/comments?post=14105"}],"version-history":[{"count":19,"href":"https:\/\/www.zsk.olsztyn.pl\/przedszkole\/wp-json\/wp\/v2\/pages\/14105\/revisions"}],"predecessor-version":[{"id":23797,"href":"https:\/\/www.zsk.olsztyn.pl\/przedszkole\/wp-json\/wp\/v2\/pages\/14105\/revisions\/23797"}],"wp:attachment":[{"href":"https:\/\/www.zsk.olsztyn.pl\/przedszkole\/wp-json\/wp\/v2\/media?parent=14105"}],"curies":[{"name":"wp","href":"https:\/\/api.w.org\/{rel}","templated":true}]}}