{"id":13993,"date":"2022-02-23T00:48:57","date_gmt":"2022-02-22T22:48:57","guid":{"rendered":"http:\/\/www.zsk.olsztyn.pl\/przedszkole\/?page_id=13993"},"modified":"2022-02-25T01:43:41","modified_gmt":"2022-02-24T23:43:41","slug":"organ-prowadzacy","status":"publish","type":"page","link":"https:\/\/www.zsk.olsztyn.pl\/przedszkole\/o-przedszkolu\/organ-prowadzacy\/","title":{"rendered":"Organ za\u0142o\u017cycielski i prowadz\u0105cy szko\u0142\u0119:"},"content":{"rendered":"<p>[vc_row][vc_column][na_tytul tytuln=&#8221;Organ za\u0142o\u017cycielski i prowadz\u0105cy szko\u0142\u0119&#8221;][\/vc_column][\/vc_row][vc_row][vc_column][vc_column_text]<\/p>\n<p class=\"cent\"><strong>STOWARZYSZENIE \u015aWI\u0118TEJ RODZINY<\/strong><\/p>\n<p class=\"cent\">ul. Kard. Stef. Wyszy\u0144skiego 11<br \/>\n10-456 OLSZTYN<br \/>\ntel\/fax : 89 533 38 44<\/p>\n<p class=\"cent\">Kontakt do Zarz\u0105du Stowarzyszenia:<br \/>\nPrezes: Andrzej Olszewski, tel. 604-550-580<br \/>\nWiceprezes: Aldona Zakrzewska, tel. 608-636-330<br \/>\ne-mail: <a href=\"mailto:prezes.ssr@gmail.com\">prezes.ssr@gmail.com<\/a><\/p>\n<p class=\"cent\">Sprawy do Stowarzyszenia nale\u017cy kierowa\u0107 pisemnie do sekretariatu szko\u0142y.<br \/>\nRozpatrywane b\u0119d\u0105 one na zebraniach Stowarzyszenia raz w miesi\u0105cu.<br \/>\nCz\u0142onkowie Stowarzyszenia pracuj\u0105 spo\u0142ecznie jako wolontariusze.<\/p>\n<p><strong>Celem Stowarzyszenia jest:<\/strong><\/p>\n<ol>\n<li>Sta\u0142a troska o wychowanie dzieci i m\u0142odzie\u017cy, obejmuj\u0105ca pe\u0142n\u0105 formacj\u0119 ich osobowo\u015bci, zgodnie z zasadami Ewangelii wyra\u017conymi w nauce Ko\u015bcio\u0142a Katolickiego.<\/li>\n<li>Wp\u0142ywanie na wychowawcze postawy rodzic\u00f3w i nauczycieli.<\/li>\n<li>Wspomaganie rodzic\u00f3w, nauczycieli, dzieci i m\u0142odzie\u017cy w celu przeciwdzia\u0142ania trudno\u015bciom wychowawczym, dydaktycznym, zagro\u017ceniom spo\u0142ecznym i uzale\u017cnieniom.<\/li>\n<li>Nauka samorz\u0105dno\u015bci.<\/li>\n<li>Upowszechnianie kultury fizycznej i sportu.<\/li>\n<li>Podtrzymywanie i upowszechnianie tradycji narodowej, piel\u0119gnowanie polsko\u015bci oraz rozwoju \u015bwiadomo\u015bci narodowej, obywatelskiej i kulturowej.<\/li>\n<li>Rozw\u00f3j edukacji, o\u015bwiaty i wychowania.<\/li>\n<li>Dzia\u0142alno\u015b\u0107 na rzecz dzieci i m\u0142odzie\u017cy, w tym wypoczynku dzieci i m\u0142odzie\u017cy.<\/li>\n<li>Promocja i organizacja wolontariatu.<\/li>\n<li>Dzia\u0142alno\u015b\u0107 na rzecz rodziny, jej prawid\u0142owego rozwoju i przeciwdzia\u0142aniu przemocy (w rodzinie).<\/li>\n<li>Przeciwdzia\u0142anie zagro\u017ceniom, uzale\u017cnieniom i patologiom spo\u0142ecznym.<\/li>\n<li>Dzia\u0142alno\u015b\u0107 na rzecz os\u00f3b niepe\u0142nosprawnych, w wieku emerytalnym i senior\u00f3w.<\/li>\n<li>Dzia\u0142alno\u015b\u0107 na rzecz kombatant\u00f3w i os\u00f3b represjonowanych.<\/li>\n<\/ol>\n<p>[\/vc_column_text][\/vc_column][\/vc_row]<\/p>\n","protected":false},"excerpt":{"rendered":"<p>[vc_row][vc_column][na_tytul tytuln=&#8221;Organ za\u0142o\u017cycielski i prowadz\u0105cy szko\u0142\u0119&#8221;][\/vc_column][\/vc_row][vc_row][vc_column][vc_column_text] STOWARZYSZENIE \u015aWI\u0118TEJ RODZINY ul. Kard. Stef. Wyszy\u0144skiego 11 10-456 OLSZTYN tel\/fax : 89 533 38 44 Kontakt do Zarz\u0105du Stowarzyszenia: Prezes: Andrzej Olszewski, tel. 604-550-580 Wiceprezes: Aldona Zakrzewska, tel. 608-636-330 e-mail: prezes.ssr@gmail.com Sprawy do Stowarzyszenia nale\u017cy kierowa\u0107 pisemnie do sekretariatu szko\u0142y. Rozpatrywane b\u0119d\u0105 one na zebraniach Stowarzyszenia raz w<\/p>\n","protected":false},"author":2,"featured_media":0,"parent":1239,"menu_order":0,"comment_status":"closed","ping_status":"closed","template":"","meta":[],"yoast_head":"<!-- This site is optimized with the Yoast SEO plugin v18.2 - https:\/\/yoast.com\/wordpress\/plugins\/seo\/ -->\n<title>Organ za\u0142o\u017cycielski i prowadz\u0105cy szko\u0142\u0119: - Katolicki Zesp\u00f3\u0142 Edukacyjny - Niepubliczne przedszkole<\/title>\n<meta name=\"description\" content=\"STOWARZYSZENIE \u015aWI\u0118TEJ RODZINY ul. Kard. Stef. Wyszy\u0144skiego 11 10-456 OLSZTYN tel\/fax : 89 533 38 44 Kontakt do Zarz\u0105du Stowarzyszenia: Prezes: Andrzej\" \/>\n<meta name=\"robots\" content=\"index, follow, max-snippet:-1, max-image-preview:large, max-video-preview:-1\" \/>\n<link rel=\"canonical\" href=\"https:\/\/www.zsk.olsztyn.pl\/przedszkole\/o-przedszkolu\/organ-prowadzacy\/\" \/>\n<meta name=\"twitter:label1\" content=\"Szacowany czas czytania\" \/>\n\t<meta name=\"twitter:data1\" content=\"1 minuta\" \/>\n<script type=\"application\/ld+json\" class=\"yoast-schema-graph\">{\"@context\":\"https:\/\/schema.org\",\"@graph\":[{\"@type\":\"WebSite\",\"@id\":\"https:\/\/www.zsk.olsztyn.pl\/przedszkole\/#website\",\"url\":\"https:\/\/www.zsk.olsztyn.pl\/przedszkole\/\",\"name\":\"Katolicki Zesp\u00f3\u0142 Edukacyjny - Niepubliczne przedszkole\",\"description\":\"Zapraszamy na stron\u0119 katolickiego niepublicznego przedszkola\",\"potentialAction\":[{\"@type\":\"SearchAction\",\"target\":{\"@type\":\"EntryPoint\",\"urlTemplate\":\"https:\/\/www.zsk.olsztyn.pl\/przedszkole\/?s={search_term_string}\"},\"query-input\":\"required name=search_term_string\"}],\"inLanguage\":\"pl-PL\"},{\"@type\":\"WebPage\",\"@id\":\"https:\/\/www.zsk.olsztyn.pl\/przedszkole\/o-przedszkolu\/organ-prowadzacy\/#webpage\",\"url\":\"https:\/\/www.zsk.olsztyn.pl\/przedszkole\/o-przedszkolu\/organ-prowadzacy\/\",\"name\":\"Organ za\u0142o\u017cycielski i prowadz\u0105cy szko\u0142\u0119: - Katolicki Zesp\u00f3\u0142 Edukacyjny - Niepubliczne przedszkole\",\"isPartOf\":{\"@id\":\"https:\/\/www.zsk.olsztyn.pl\/przedszkole\/#website\"},\"datePublished\":\"2022-02-22T22:48:57+00:00\",\"dateModified\":\"2022-02-24T23:43:41+00:00\",\"description\":\"STOWARZYSZENIE \u015aWI\u0118TEJ RODZINY ul. Kard. Stef. Wyszy\u0144skiego 11 10-456 OLSZTYN tel\/fax : 89 533 38 44 Kontakt do Zarz\u0105du Stowarzyszenia: Prezes: Andrzej\",\"breadcrumb\":{\"@id\":\"https:\/\/www.zsk.olsztyn.pl\/przedszkole\/o-przedszkolu\/organ-prowadzacy\/#breadcrumb\"},\"inLanguage\":\"pl-PL\",\"potentialAction\":[{\"@type\":\"ReadAction\",\"target\":[\"https:\/\/www.zsk.olsztyn.pl\/przedszkole\/o-przedszkolu\/organ-prowadzacy\/\"]}]},{\"@type\":\"BreadcrumbList\",\"@id\":\"https:\/\/www.zsk.olsztyn.pl\/przedszkole\/o-przedszkolu\/organ-prowadzacy\/#breadcrumb\",\"itemListElement\":[{\"@type\":\"ListItem\",\"position\":1,\"name\":\"Strona g\u0142\u00f3wna\",\"item\":\"https:\/\/www.zsk.olsztyn.pl\/przedszkole\/\"},{\"@type\":\"ListItem\",\"position\":2,\"name\":\"O przedszkolu\",\"item\":\"https:\/\/www.zsk.olsztyn.pl\/przedszkole\/o-przedszkolu\/\"},{\"@type\":\"ListItem\",\"position\":3,\"name\":\"Organ za\u0142o\u017cycielski i prowadz\u0105cy szko\u0142\u0119:\"}]}]}<\/script>\n<!-- \/ Yoast SEO plugin. -->","yoast_head_json":{"title":"Organ za\u0142o\u017cycielski i prowadz\u0105cy szko\u0142\u0119: - Katolicki Zesp\u00f3\u0142 Edukacyjny - Niepubliczne przedszkole","description":"STOWARZYSZENIE \u015aWI\u0118TEJ RODZINY ul. Kard. Stef. Wyszy\u0144skiego 11 10-456 OLSZTYN tel\/fax : 89 533 38 44 Kontakt do Zarz\u0105du Stowarzyszenia: Prezes: Andrzej","robots":{"index":"index","follow":"follow","max-snippet":"max-snippet:-1","max-image-preview":"max-image-preview:large","max-video-preview":"max-video-preview:-1"},"canonical":"https:\/\/www.zsk.olsztyn.pl\/przedszkole\/o-przedszkolu\/organ-prowadzacy\/","twitter_misc":{"Szacowany czas czytania":"1 minuta"},"schema":{"@context":"https:\/\/schema.org","@graph":[{"@type":"WebSite","@id":"https:\/\/www.zsk.olsztyn.pl\/przedszkole\/#website","url":"https:\/\/www.zsk.olsztyn.pl\/przedszkole\/","name":"Katolicki Zesp\u00f3\u0142 Edukacyjny - Niepubliczne przedszkole","description":"Zapraszamy na stron\u0119 katolickiego niepublicznego przedszkola","potentialAction":[{"@type":"SearchAction","target":{"@type":"EntryPoint","urlTemplate":"https:\/\/www.zsk.olsztyn.pl\/przedszkole\/?s={search_term_string}"},"query-input":"required name=search_term_string"}],"inLanguage":"pl-PL"},{"@type":"WebPage","@id":"https:\/\/www.zsk.olsztyn.pl\/przedszkole\/o-przedszkolu\/organ-prowadzacy\/#webpage","url":"https:\/\/www.zsk.olsztyn.pl\/przedszkole\/o-przedszkolu\/organ-prowadzacy\/","name":"Organ za\u0142o\u017cycielski i prowadz\u0105cy szko\u0142\u0119: - Katolicki Zesp\u00f3\u0142 Edukacyjny - Niepubliczne przedszkole","isPartOf":{"@id":"https:\/\/www.zsk.olsztyn.pl\/przedszkole\/#website"},"datePublished":"2022-02-22T22:48:57+00:00","dateModified":"2022-02-24T23:43:41+00:00","description":"STOWARZYSZENIE \u015aWI\u0118TEJ RODZINY ul. Kard. Stef. Wyszy\u0144skiego 11 10-456 OLSZTYN tel\/fax : 89 533 38 44 Kontakt do Zarz\u0105du Stowarzyszenia: Prezes: Andrzej","breadcrumb":{"@id":"https:\/\/www.zsk.olsztyn.pl\/przedszkole\/o-przedszkolu\/organ-prowadzacy\/#breadcrumb"},"inLanguage":"pl-PL","potentialAction":[{"@type":"ReadAction","target":["https:\/\/www.zsk.olsztyn.pl\/przedszkole\/o-przedszkolu\/organ-prowadzacy\/"]}]},{"@type":"BreadcrumbList","@id":"https:\/\/www.zsk.olsztyn.pl\/przedszkole\/o-przedszkolu\/organ-prowadzacy\/#breadcrumb","itemListElement":[{"@type":"ListItem","position":1,"name":"Strona g\u0142\u00f3wna","item":"https:\/\/www.zsk.olsztyn.pl\/przedszkole\/"},{"@type":"ListItem","position":2,"name":"O przedszkolu","item":"https:\/\/www.zsk.olsztyn.pl\/przedszkole\/o-przedszkolu\/"},{"@type":"ListItem","position":3,"name":"Organ za\u0142o\u017cycielski i prowadz\u0105cy szko\u0142\u0119:"}]}]}},"_links":{"self":[{"href":"https:\/\/www.zsk.olsztyn.pl\/przedszkole\/wp-json\/wp\/v2\/pages\/13993"}],"collection":[{"href":"https:\/\/www.zsk.olsztyn.pl\/przedszkole\/wp-json\/wp\/v2\/pages"}],"about":[{"href":"https:\/\/www.zsk.olsztyn.pl\/przedszkole\/wp-json\/wp\/v2\/types\/page"}],"author":[{"embeddable":true,"href":"https:\/\/www.zsk.olsztyn.pl\/przedszkole\/wp-json\/wp\/v2\/users\/2"}],"replies":[{"embeddable":true,"href":"https:\/\/www.zsk.olsztyn.pl\/przedszkole\/wp-json\/wp\/v2\/comments?post=13993"}],"version-history":[{"count":6,"href":"https:\/\/www.zsk.olsztyn.pl\/przedszkole\/wp-json\/wp\/v2\/pages\/13993\/revisions"}],"predecessor-version":[{"id":14022,"href":"https:\/\/www.zsk.olsztyn.pl\/przedszkole\/wp-json\/wp\/v2\/pages\/13993\/revisions\/14022"}],"up":[{"embeddable":true,"href":"https:\/\/www.zsk.olsztyn.pl\/przedszkole\/wp-json\/wp\/v2\/pages\/1239"}],"wp:attachment":[{"href":"https:\/\/www.zsk.olsztyn.pl\/przedszkole\/wp-json\/wp\/v2\/media?parent=13993"}],"curies":[{"name":"wp","href":"https:\/\/api.w.org\/{rel}","templated":true}]}}