{"id":13520,"date":"2022-02-04T01:57:51","date_gmt":"2022-02-03T23:57:51","guid":{"rendered":"http:\/\/www.zsk.olsztyn.pl\/przedszkole\/?page_id=13520"},"modified":"2024-07-05T17:19:11","modified_gmt":"2024-07-05T15:19:11","slug":"rodo","status":"publish","type":"page","link":"https:\/\/www.zsk.olsztyn.pl\/przedszkole\/o-przedszkolu\/rodo\/","title":{"rendered":"RODO"},"content":{"rendered":"<p>[vc_row][vc_column][na_tytul tytuln=&#8221;RODO&#8221;][vc_column_text]<\/p>\n<h5 style=\"text-align: center;\"><strong>KLAUZULA INFORMACYJNA OG\u00d3LNA<\/strong><\/h5>\n<p>Zgodnie z art. 13 Rozporz\u0105dzenia Parlamentu Europejskiego i Rady (UE) 2016\/679 z dnia 27 kwietnia 2016 r. w sprawie ochrony os\u00f3b fizycznych w zwi\u0105zku z przetwarzaniem danych osobowych i w sprawie swobodnego przep\u0142ywu takich danych oraz uchylenia dyrektywy 95\/46\/WE <em>(4.5.2016 L 119\/38 Dziennik Urz\u0119dowy Unii Europejskiej PL) <\/em><\/p>\n<p><strong>informuj\u0119, \u017ce<\/strong>:<\/p>\n<ol>\n<li>Administratorem Pa\u0144stwa danych osobowych jest <b>Niepubliczne Przedszkole im. \u015awi\u0119tej Rodziny w Olsztynie<\/b> przy ul. Kard. S. Wyszy\u0144skiego 11 z siedzib\u0105 w Olsztynie, zwana dalej Administratorem.<\/li>\n<li>U Administratora, o kt\u00f3rym mowa w p. 1 wyznaczony zosta\u0142 Inspektor Ochrony Danych, z kt\u00f3rym mo\u017cna kontaktowa\u0107 si\u0119: listownie na adres: Niepubliczne Przedszkole im. \u015awi\u0119tej Rodziny, ul. Kard. S. Wyszy\u0144skiego 11, 10-456 Olsztyn lub za pomoc\u0105 poczty elektronicznej na adres e-mail: przedszkole.swietarodzina@tlen.pl<\/li>\n<li>Pa\u0144stwa dane osobowe b\u0119d\u0105 przetwarzane zgodnie z przyj\u0119tym celem.<\/li>\n<li>Podanie danych osobowych jest wymogiem ustawowym.<\/li>\n<li>Odbiorcami Pa\u0144stwa danych osobowych b\u0119d\u0105 upowa\u017cnieni pracownicy Administratora; podmioty uprawnione do uzyskania danych osobowych na podstawie przepis\u00f3w prawa; podmioty, kt\u00f3rym dane zostan\u0105 powierzone do zrealizowania cel\u00f3w przetwarzania.<\/li>\n<li>Pa\u0144stwa dane osobowe b\u0119d\u0105 przechowywane do chwili za\u0142atwienia sprawy, w kt\u00f3rej zosta\u0142y zebrane, a nast\u0119pnie \u2013 w przypadkach, w kt\u00f3rych wymagaj\u0105 tego przepisy ustawy z dnia 14 lipca 1983 r. o narodowym zasobie archiwalnym i archiwach (Dz. U. z 2018 r. poz. 217 ze zm.).<\/li>\n<li>Posiadaj\u0105 Pa\u0144stwo prawo \u017c\u0105dania od Administratora dost\u0119pu do swoich danych osobowych, prawo do ich sprostowania, usuni\u0119cia lub ograniczenia przetwarzania, prawo do przenoszenia danych, prawo do wniesienia sprzeciwu, oraz inne uprawnienia w tym zakresie wynikaj\u0105ce z obowi\u0105zuj\u0105cych przepis\u00f3w prawa.<\/li>\n<li>W przypadku danych przetwarzanych na podstawie zgody, przys\u0142uguje Pa\u0144stwu prawo do cofni\u0119cia tej zgody w dowolnym momencie, bez wp\u0142ywu na zgodno\u015b\u0107 z prawem przetwarzania, kt\u00f3rego dokonano na podstawie zgody przed jej cofni\u0119ciem.<\/li>\n<li>Przys\u0142uguje Pa\u0144stwu prawo wniesienia skargi do organu nadzorczego, tj. Prezesa Urz\u0119du Ochrony Danych.<\/li>\n<li>Pa\u0144stwa dane osobowe nie podlegaj\u0105 zautomatyzowanemu podejmowaniu decyzji, w tym profilowaniu.<\/li>\n<li>Pa\u0144stwa dane osobowe nie b\u0119d\u0105 przekazywane do pa\u0144stw trzecich.<\/li>\n<\/ol>\n<p>&nbsp;<\/p>\n<p style=\"text-align: right;\"><strong>Dyrektor Niepublicznego Przedszkola<\/strong><strong><br \/>\nim. \u015awi\u0119tej Rodziny w Olsztynie<\/strong><\/p>\n<hr \/>\n<p>&nbsp;<\/p>\n<p>&nbsp;<\/p>\n<p>&nbsp;<\/p>\n<h5><\/h5>\n<h5 style=\"text-align: center;\"><strong>KLAUZULA INFORMACYJNA O MONITORINGU<\/strong><\/h5>\n<p>&nbsp;<\/p>\n<p><img loading=\"lazy\" class=\"wp-image-6466 aligncenter\" src=\"http:\/\/www.zsk.olsztyn.pl\/szkola\/wp-content\/uploads\/2019\/10\/naklejka_7_d.jpg\" alt=\"\" width=\"570\" height=\"190\" \/><\/p>\n<p style=\"text-align: center;\"><strong>OBIEKT I TEREN MONITOROWANY<\/strong><\/p>\n<p>&nbsp;<\/p>\n<p>Zgodnie z art. 13 ust. 1 i 2 Rozporz\u0105dzenia Parlamentu Europejskiego i Rady (UE) 2016\/679 z dnia 27 kwietnia 2016 r. w sprawie ochrony os\u00f3b fizycznych w zwi\u0105zku z przetwarzaniem danych osobowych i w sprawie swobodnego przep\u0142ywu takich danych oraz uchylenia dyrektywy 95\/46\/WE (<em>4.5.2016 L 119\/38 Dziennik Urz\u0119dowy Unii Europejskiej PL<\/em>)<\/p>\n<p>&nbsp;<\/p>\n<p><strong>informuj\u0119, \u017ce<\/strong>:<\/p>\n<ol>\n<li>Administratorem systemu monitoringu jest dyrektor <strong>Niepublicznego Przedszkola im. \u015awi\u0119tej Rodziny w Olsztynie<\/strong>. Z Administratorem mo\u017cna si\u0119 skontaktowa\u0107 listownie: Kard. S. Wyszy\u0144skiego 11, 10-456 Olsztyn; e-mailowo: przedszkole.swietarodzina@o2.pl; telefonicznie: 89 5333844.<\/li>\n<li>Kontakt z Inspektorem Ochrony Danych w Niepublicznym Przedszkolu im. \u015awi\u0119tej Rodziny w Olsztynie mo\u017cliwy jest listownie na adres: Niepubliczne Przedszkole im. \u015awi\u0119tej Rodziny, ul. Kard. Wyszy\u0144skiego 11, 10-456 Olsztyn lub za pomoc\u0105 poczty elektronicznej na adres e-mail: przedszkole.swietarodzina@o2.pl<\/li>\n<li>Dane osobowe w postaci wizerunku zarejestrowanego przez monitoring przetwarzane s\u0105 w celu prowadzenia dzia\u0142a\u0144 wynikaj\u0105cych z prawnie uzasadnionych interes\u00f3w realizowanych przez Administratora \u2013 art. 6 ust. 1 lit. c) RODO i okre\u015blonych w ustawie z dnia 14 grudnia 2016 r. \u2013 Prawo o\u015bwiatowe.<\/li>\n<li>Odbiorcami danych s\u0105 upowa\u017cnieni pracownicy Administratora, podmioty, kt\u00f3rym nale\u017cy udost\u0119pni\u0107 dane osobowe w celu wykonania obowi\u0105zku prawnego, a tak\u017ce podmioty, kt\u00f3rym dane zostan\u0105 powierzone do zrealizowania cel\u00f3w przetwarzania.<\/li>\n<li>Zapisy z monitoringu przechowywane s\u0105 w okresie 7\/14 dni, a po tym terminie \u2013 zgodnie z przepisami obowi\u0105zuj\u0105cego prawa.<\/li>\n<li>Osoba zarejestrowana przez system monitoringu ma: prawo dost\u0119pu do swoich danych; prawo usuni\u0119cia danych jej dotycz\u0105cych; prawo do ograniczenia przetwarzania danych przez okre\u015blony czas; prawo do sprzeciwu wobec przetwarzania danych.<\/li>\n<li>Osoba zarejestrowana przez system monitoringu ma prawo wniesienia skargi do organu nadzorczego \u2013 Prezesa Urz\u0119du Ochrony Danych Osobowych.<\/li>\n<li>Przetwarzanie danych osobowych w systemie monitoringu jest niezb\u0119dne do zapewnienia bezpiecze\u0144stwa uczniom i pracownikom oraz w celu ochrony os\u00f3b i mienia znajduj\u0105cych si\u0119 na terenie monitorowanym. Oznacza to, \u017ce rejestracja wizerunku w systemie monitoringu jest konieczna w przypadku wej\u015bcia na teren budynku oraz obszaru wok\u00f3\u0142 plac\u00f3wki.<\/li>\n<li>Dane osobowe nie b\u0119d\u0105 przekazywane poza Europejski Obszar Gospodarczy ani do organizacji mi\u0119dzynarodowej.<\/li>\n<li>Pa\u0144stwa dane nie b\u0119d\u0105 przetwarzane w spos\u00f3b zautomatyzowany, jak r\u00f3wnie\u017c nie b\u0119d\u0105 podlega\u0142y profilowaniu.<\/li>\n<\/ol>\n<p style=\"text-align: right;\"><strong>Dyrektor Niepublicznego Przedszkola<\/strong><br \/>\n<strong>im. \u015awi\u0119tej Rodziny w Olsztynie<\/strong><\/p>\n<p>[\/vc_column_text][\/vc_column][\/vc_row]<\/p>\n","protected":false},"excerpt":{"rendered":"<p>[vc_row][vc_column][na_tytul tytuln=&#8221;RODO&#8221;][vc_column_text] KLAUZULA INFORMACYJNA OG\u00d3LNA Zgodnie z art. 13 Rozporz\u0105dzenia Parlamentu Europejskiego i Rady (UE) 2016\/679 z dnia 27 kwietnia 2016 r. w sprawie ochrony os\u00f3b fizycznych w zwi\u0105zku z przetwarzaniem danych osobowych i w sprawie swobodnego przep\u0142ywu takich danych oraz uchylenia dyrektywy 95\/46\/WE (4.5.2016 L 119\/38 Dziennik Urz\u0119dowy Unii Europejskiej PL) informuj\u0119, \u017ce: Administratorem<\/p>\n","protected":false},"author":2,"featured_media":0,"parent":1239,"menu_order":0,"comment_status":"closed","ping_status":"closed","template":"","meta":[],"yoast_head":"<!-- This site is optimized with the Yoast SEO plugin v18.2 - https:\/\/yoast.com\/wordpress\/plugins\/seo\/ -->\n<title>RODO - Katolicki Zesp\u00f3\u0142 Edukacyjny - Niepubliczne przedszkole<\/title>\n<meta name=\"description\" content=\"KLAUZULA INFORMACYJNA OG\u00d3LNA Zgodnie z art. 13 Rozporz\u0105dzenia Parlamentu Europejskiego i Rady (UE) 2016\/679 z dnia 27 kwietnia 2016 r. w sprawie ochrony\" \/>\n<meta name=\"robots\" content=\"index, follow, max-snippet:-1, max-image-preview:large, max-video-preview:-1\" \/>\n<link rel=\"canonical\" href=\"https:\/\/www.zsk.olsztyn.pl\/przedszkole\/o-przedszkolu\/rodo\/\" \/>\n<meta name=\"twitter:label1\" content=\"Szacowany czas czytania\" \/>\n\t<meta name=\"twitter:data1\" content=\"5 minut\" \/>\n<script type=\"application\/ld+json\" class=\"yoast-schema-graph\">{\"@context\":\"https:\/\/schema.org\",\"@graph\":[{\"@type\":\"WebSite\",\"@id\":\"https:\/\/www.zsk.olsztyn.pl\/przedszkole\/#website\",\"url\":\"https:\/\/www.zsk.olsztyn.pl\/przedszkole\/\",\"name\":\"Katolicki Zesp\u00f3\u0142 Edukacyjny - Niepubliczne przedszkole\",\"description\":\"Zapraszamy na stron\u0119 katolickiego niepublicznego przedszkola\",\"potentialAction\":[{\"@type\":\"SearchAction\",\"target\":{\"@type\":\"EntryPoint\",\"urlTemplate\":\"https:\/\/www.zsk.olsztyn.pl\/przedszkole\/?s={search_term_string}\"},\"query-input\":\"required name=search_term_string\"}],\"inLanguage\":\"pl-PL\"},{\"@type\":\"ImageObject\",\"@id\":\"https:\/\/www.zsk.olsztyn.pl\/przedszkole\/o-przedszkolu\/rodo\/#primaryimage\",\"inLanguage\":\"pl-PL\",\"url\":\"http:\/\/www.zsk.olsztyn.pl\/szkola\/wp-content\/uploads\/2019\/10\/naklejka_7_d.jpg\",\"contentUrl\":\"http:\/\/www.zsk.olsztyn.pl\/szkola\/wp-content\/uploads\/2019\/10\/naklejka_7_d.jpg\"},{\"@type\":\"WebPage\",\"@id\":\"https:\/\/www.zsk.olsztyn.pl\/przedszkole\/o-przedszkolu\/rodo\/#webpage\",\"url\":\"https:\/\/www.zsk.olsztyn.pl\/przedszkole\/o-przedszkolu\/rodo\/\",\"name\":\"RODO - Katolicki Zesp\u00f3\u0142 Edukacyjny - Niepubliczne przedszkole\",\"isPartOf\":{\"@id\":\"https:\/\/www.zsk.olsztyn.pl\/przedszkole\/#website\"},\"primaryImageOfPage\":{\"@id\":\"https:\/\/www.zsk.olsztyn.pl\/przedszkole\/o-przedszkolu\/rodo\/#primaryimage\"},\"datePublished\":\"2022-02-03T23:57:51+00:00\",\"dateModified\":\"2024-07-05T15:19:11+00:00\",\"description\":\"KLAUZULA INFORMACYJNA OG\u00d3LNA Zgodnie z art. 13 Rozporz\u0105dzenia Parlamentu Europejskiego i Rady (UE) 2016\/679 z dnia 27 kwietnia 2016 r. w sprawie ochrony\",\"breadcrumb\":{\"@id\":\"https:\/\/www.zsk.olsztyn.pl\/przedszkole\/o-przedszkolu\/rodo\/#breadcrumb\"},\"inLanguage\":\"pl-PL\",\"potentialAction\":[{\"@type\":\"ReadAction\",\"target\":[\"https:\/\/www.zsk.olsztyn.pl\/przedszkole\/o-przedszkolu\/rodo\/\"]}]},{\"@type\":\"BreadcrumbList\",\"@id\":\"https:\/\/www.zsk.olsztyn.pl\/przedszkole\/o-przedszkolu\/rodo\/#breadcrumb\",\"itemListElement\":[{\"@type\":\"ListItem\",\"position\":1,\"name\":\"Strona g\u0142\u00f3wna\",\"item\":\"https:\/\/www.zsk.olsztyn.pl\/przedszkole\/\"},{\"@type\":\"ListItem\",\"position\":2,\"name\":\"O przedszkolu\",\"item\":\"https:\/\/www.zsk.olsztyn.pl\/przedszkole\/o-przedszkolu\/\"},{\"@type\":\"ListItem\",\"position\":3,\"name\":\"RODO\"}]}]}<\/script>\n<!-- \/ Yoast SEO plugin. -->","yoast_head_json":{"title":"RODO - Katolicki Zesp\u00f3\u0142 Edukacyjny - Niepubliczne przedszkole","description":"KLAUZULA INFORMACYJNA OG\u00d3LNA Zgodnie z art. 13 Rozporz\u0105dzenia Parlamentu Europejskiego i Rady (UE) 2016\/679 z dnia 27 kwietnia 2016 r. w sprawie ochrony","robots":{"index":"index","follow":"follow","max-snippet":"max-snippet:-1","max-image-preview":"max-image-preview:large","max-video-preview":"max-video-preview:-1"},"canonical":"https:\/\/www.zsk.olsztyn.pl\/przedszkole\/o-przedszkolu\/rodo\/","twitter_misc":{"Szacowany czas czytania":"5 minut"},"schema":{"@context":"https:\/\/schema.org","@graph":[{"@type":"WebSite","@id":"https:\/\/www.zsk.olsztyn.pl\/przedszkole\/#website","url":"https:\/\/www.zsk.olsztyn.pl\/przedszkole\/","name":"Katolicki Zesp\u00f3\u0142 Edukacyjny - Niepubliczne przedszkole","description":"Zapraszamy na stron\u0119 katolickiego niepublicznego przedszkola","potentialAction":[{"@type":"SearchAction","target":{"@type":"EntryPoint","urlTemplate":"https:\/\/www.zsk.olsztyn.pl\/przedszkole\/?s={search_term_string}"},"query-input":"required name=search_term_string"}],"inLanguage":"pl-PL"},{"@type":"ImageObject","@id":"https:\/\/www.zsk.olsztyn.pl\/przedszkole\/o-przedszkolu\/rodo\/#primaryimage","inLanguage":"pl-PL","url":"http:\/\/www.zsk.olsztyn.pl\/szkola\/wp-content\/uploads\/2019\/10\/naklejka_7_d.jpg","contentUrl":"http:\/\/www.zsk.olsztyn.pl\/szkola\/wp-content\/uploads\/2019\/10\/naklejka_7_d.jpg"},{"@type":"WebPage","@id":"https:\/\/www.zsk.olsztyn.pl\/przedszkole\/o-przedszkolu\/rodo\/#webpage","url":"https:\/\/www.zsk.olsztyn.pl\/przedszkole\/o-przedszkolu\/rodo\/","name":"RODO - Katolicki Zesp\u00f3\u0142 Edukacyjny - Niepubliczne przedszkole","isPartOf":{"@id":"https:\/\/www.zsk.olsztyn.pl\/przedszkole\/#website"},"primaryImageOfPage":{"@id":"https:\/\/www.zsk.olsztyn.pl\/przedszkole\/o-przedszkolu\/rodo\/#primaryimage"},"datePublished":"2022-02-03T23:57:51+00:00","dateModified":"2024-07-05T15:19:11+00:00","description":"KLAUZULA INFORMACYJNA OG\u00d3LNA Zgodnie z art. 13 Rozporz\u0105dzenia Parlamentu Europejskiego i Rady (UE) 2016\/679 z dnia 27 kwietnia 2016 r. w sprawie ochrony","breadcrumb":{"@id":"https:\/\/www.zsk.olsztyn.pl\/przedszkole\/o-przedszkolu\/rodo\/#breadcrumb"},"inLanguage":"pl-PL","potentialAction":[{"@type":"ReadAction","target":["https:\/\/www.zsk.olsztyn.pl\/przedszkole\/o-przedszkolu\/rodo\/"]}]},{"@type":"BreadcrumbList","@id":"https:\/\/www.zsk.olsztyn.pl\/przedszkole\/o-przedszkolu\/rodo\/#breadcrumb","itemListElement":[{"@type":"ListItem","position":1,"name":"Strona g\u0142\u00f3wna","item":"https:\/\/www.zsk.olsztyn.pl\/przedszkole\/"},{"@type":"ListItem","position":2,"name":"O przedszkolu","item":"https:\/\/www.zsk.olsztyn.pl\/przedszkole\/o-przedszkolu\/"},{"@type":"ListItem","position":3,"name":"RODO"}]}]}},"_links":{"self":[{"href":"https:\/\/www.zsk.olsztyn.pl\/przedszkole\/wp-json\/wp\/v2\/pages\/13520"}],"collection":[{"href":"https:\/\/www.zsk.olsztyn.pl\/przedszkole\/wp-json\/wp\/v2\/pages"}],"about":[{"href":"https:\/\/www.zsk.olsztyn.pl\/przedszkole\/wp-json\/wp\/v2\/types\/page"}],"author":[{"embeddable":true,"href":"https:\/\/www.zsk.olsztyn.pl\/przedszkole\/wp-json\/wp\/v2\/users\/2"}],"replies":[{"embeddable":true,"href":"https:\/\/www.zsk.olsztyn.pl\/przedszkole\/wp-json\/wp\/v2\/comments?post=13520"}],"version-history":[{"count":8,"href":"https:\/\/www.zsk.olsztyn.pl\/przedszkole\/wp-json\/wp\/v2\/pages\/13520\/revisions"}],"predecessor-version":[{"id":20508,"href":"https:\/\/www.zsk.olsztyn.pl\/przedszkole\/wp-json\/wp\/v2\/pages\/13520\/revisions\/20508"}],"up":[{"embeddable":true,"href":"https:\/\/www.zsk.olsztyn.pl\/przedszkole\/wp-json\/wp\/v2\/pages\/1239"}],"wp:attachment":[{"href":"https:\/\/www.zsk.olsztyn.pl\/przedszkole\/wp-json\/wp\/v2\/media?parent=13520"}],"curies":[{"name":"wp","href":"https:\/\/api.w.org\/{rel}","templated":true}]}}