{"id":1285,"date":"2014-06-05T16:40:12","date_gmt":"2014-06-05T14:40:12","guid":{"rendered":"http:\/\/www.zsk.olsztyn.pl\/przedszkole\/?page_id=1285"},"modified":"2025-09-23T10:26:44","modified_gmt":"2025-09-23T08:26:44","slug":"kadra-pedagogiczna","status":"publish","type":"page","link":"https:\/\/www.zsk.olsztyn.pl\/przedszkole\/o-przedszkolu\/kadra-pedagogiczna\/","title":{"rendered":"Kadra pedagogiczna"},"content":{"rendered":"<p>[vc_row][vc_column][na_tytul tytul=&#8221;KADRA PRZEDSZKOLA w 2021\/2022r.&#8221; tytuln=&#8221;KADRA PRZEDSZKOLA w 2025\/2026r.&#8221;][vc_column_text]<\/p>\n<h4 class=\"cent podt\">Duszpasterze przedszkola<\/h4>\n<h3 class=\"cent\">ks. pra\u0142at Andrzej Pluta<\/h3>\n<h4 class=\"podt cent\">dyrektor<\/h4>\n<h3 class=\"cent\">Anna Rykowska<\/h3>\n<p>[\/vc_column_text][\/vc_column][\/vc_row][vc_row el_class=&#8221;kadra_gr kadra_bb&#8221;][vc_column width=&#8221;1\/2&#8243;][vc_column_text el_class=&#8221;kbx&#8221;]<\/p>\n<h3>Grupa 3 latk\u00f3w:<\/h3>\n<p class=\"kadra_tyt\">wychowawcy grupy<\/p>\n<p>mgr Magdalena Zapadka<br \/>\nmgr Anna Zyskowska<\/p>\n<p class=\"kadra_tyt\">pomoc nauczyciela<\/p>\n<p>Justyna Pomorska<br \/>\n[\/vc_column_text][\/vc_column][vc_column width=&#8221;1\/2&#8243;][vc_column_text el_class=&#8221;kbx&#8221;]<\/p>\n<h3>Grupa 4 latk\u00f3w:<\/h3>\n<p class=\"kadra_tyt\">wychowawcy grupy<\/p>\n<p>mgr Dorota B\u0105czek<br \/>\nmgr Ma\u0142gorzata Szczecina<br \/>\nmgr Ma\u0142gorzata Wyroz\u0119bska<\/p>\n<p class=\"kadra_tyt\">pomoc nauczyciela<\/p>\n<p>Agnieszka Dy\u0144ska<br \/>\n[\/vc_column_text][\/vc_column][\/vc_row][vc_row el_class=&#8221;kadra_gr&#8221;][vc_column width=&#8221;1\/2&#8243;][vc_column_text]<\/p>\n<h3>Grupa 5 latk\u00f3w:<\/h3>\n<p class=\"kadra_tyt\">wychowawcy grupy<\/p>\n<p>mgr Monika Sw\u0119drowska<br \/>\nmgr Aleksandra Sochacka<\/p>\n<p>mgr \u017baneta Kozicka<\/p>\n<p class=\"kadra_tyt\">pomoc nauczyciela<\/p>\n<p>Jolanta Sienkiewicz[\/vc_column_text][\/vc_column][vc_column width=&#8221;1\/2&#8243;][vc_column_text]<\/p>\n<h3>Grupa 6 latk\u00f3w:<\/h3>\n<p class=\"kadra_tyt\">wychowawcy grupy<\/p>\n<p>mgr Karolina Morawska<br \/>\nlic. Amelia Kubat<br \/>\nmgr Joanna Hir<br \/>\n[\/vc_column_text][\/vc_column][\/vc_row][vc_row el_class=&#8221;kadra_gr&#8221;][vc_column][vc_column_text]<\/p>\n<h4 class=\"cent podt\">Katecheza<\/h4>\n<h3 class=\"cent\">Katarzyna Kubacz<\/h3>\n<h4 class=\"podt cent\">Logopedia<\/h4>\n<h3 class=\"cent\">Natalia Jakubowska<\/h3>\n<h4 class=\"podt cent\">Terapia pedagogiczna<\/h4>\n<h3 class=\"cent\">Joanna Feret<\/h3>\n<h4 class=\"podt cent\">Integracja sensoryczna<\/h4>\n<h3 class=\"cent\">Karolina Draba<\/h3>\n<h4 class=\"podt cent\">Rehabilitacja<\/h4>\n<h3 class=\"cent\">Katarzyna Tuszy\u0144ska<\/h3>\n<h4 class=\"podt cent\">Psycholog<\/h4>\n<h3 class=\"cent\">Ma\u0142gorzata Rakowiecka<\/h3>\n<h4 class=\"podt cent\">Zaj\u0119cia muzyczne<\/h4>\n<h3 class=\"cent\">Joanna Tomkowska<\/h3>\n<h4 class=\"podt cent\">Szachy<\/h4>\n<h3 class=\"cent\">Aleksander Malczyk<\/h3>\n<h4 class=\"podt cent\">R\u0119kodzie\u0142o<\/h4>\n<h3 class=\"cent\">Emilia Pr\u00f3szy\u0144ska<\/h3>\n<h4 class=\"podt cent\">J\u0119zyk angielski<\/h4>\n<h3 class=\"cent\">wychowawcy grup<\/h3>\n<h4 class=\"podt cent\">Ta\u0144ce<\/h4>\n<h3 class=\"cent\">Szko\u0142a Ta\u0144ca Wasilewski-Felska<\/h3>\n<p>[\/vc_column_text][\/vc_column][\/vc_row]<\/p>\n","protected":false},"excerpt":{"rendered":"<p>[vc_row][vc_column][na_tytul tytul=&#8221;KADRA PRZEDSZKOLA w 2021\/2022r.&#8221; tytuln=&#8221;KADRA PRZEDSZKOLA w 2025\/2026r.&#8221;][vc_column_text] Duszpasterze przedszkola ks. pra\u0142at Andrzej Pluta dyrektor Anna Rykowska [\/vc_column_text][\/vc_column][\/vc_row][vc_row el_class=&#8221;kadra_gr kadra_bb&#8221;][vc_column width=&#8221;1\/2&#8243;][vc_column_text el_class=&#8221;kbx&#8221;] Grupa 3 latk\u00f3w: wychowawcy grupy mgr Magdalena Zapadka mgr Anna Zyskowska pomoc nauczyciela Justyna Pomorska [\/vc_column_text][\/vc_column][vc_column width=&#8221;1\/2&#8243;][vc_column_text el_class=&#8221;kbx&#8221;] Grupa 4 latk\u00f3w: wychowawcy grupy mgr Dorota B\u0105czek mgr Ma\u0142gorzata Szczecina mgr Ma\u0142gorzata Wyroz\u0119bska<\/p>\n","protected":false},"author":1,"featured_media":0,"parent":1239,"menu_order":0,"comment_status":"closed","ping_status":"closed","template":"","meta":[],"yoast_head":"<!-- This site is optimized with the Yoast SEO plugin v18.2 - https:\/\/yoast.com\/wordpress\/plugins\/seo\/ -->\n<title>Kadra pedagogiczna - Katolicki Zesp\u00f3\u0142 Edukacyjny - Niepubliczne przedszkole<\/title>\n<meta name=\"description\" content=\"Duszpasterze przedszkola ks. pra\u0142at Andrzej Pluta dyrektor Anna Rykowska Grupa 3 latk\u00f3w: wychowawcy grupy mgr Magdalena Zapadka mgr Anna Zyskowska pomoc\" \/>\n<meta name=\"robots\" content=\"index, follow, max-snippet:-1, max-image-preview:large, max-video-preview:-1\" \/>\n<link rel=\"canonical\" href=\"https:\/\/www.zsk.olsztyn.pl\/przedszkole\/o-przedszkolu\/kadra-pedagogiczna\/\" \/>\n<meta name=\"twitter:label1\" content=\"Szacowany czas czytania\" \/>\n\t<meta name=\"twitter:data1\" content=\"1 minuta\" \/>\n<script type=\"application\/ld+json\" class=\"yoast-schema-graph\">{\"@context\":\"https:\/\/schema.org\",\"@graph\":[{\"@type\":\"WebSite\",\"@id\":\"https:\/\/www.zsk.olsztyn.pl\/przedszkole\/#website\",\"url\":\"https:\/\/www.zsk.olsztyn.pl\/przedszkole\/\",\"name\":\"Katolicki Zesp\u00f3\u0142 Edukacyjny - Niepubliczne przedszkole\",\"description\":\"Zapraszamy na stron\u0119 katolickiego niepublicznego przedszkola\",\"potentialAction\":[{\"@type\":\"SearchAction\",\"target\":{\"@type\":\"EntryPoint\",\"urlTemplate\":\"https:\/\/www.zsk.olsztyn.pl\/przedszkole\/?s={search_term_string}\"},\"query-input\":\"required name=search_term_string\"}],\"inLanguage\":\"pl-PL\"},{\"@type\":\"WebPage\",\"@id\":\"https:\/\/www.zsk.olsztyn.pl\/przedszkole\/o-przedszkolu\/kadra-pedagogiczna\/#webpage\",\"url\":\"https:\/\/www.zsk.olsztyn.pl\/przedszkole\/o-przedszkolu\/kadra-pedagogiczna\/\",\"name\":\"Kadra pedagogiczna - Katolicki Zesp\u00f3\u0142 Edukacyjny - Niepubliczne przedszkole\",\"isPartOf\":{\"@id\":\"https:\/\/www.zsk.olsztyn.pl\/przedszkole\/#website\"},\"datePublished\":\"2014-06-05T14:40:12+00:00\",\"dateModified\":\"2025-09-23T08:26:44+00:00\",\"description\":\"Duszpasterze przedszkola ks. pra\u0142at Andrzej Pluta dyrektor Anna Rykowska Grupa 3 latk\u00f3w: wychowawcy grupy mgr Magdalena Zapadka mgr Anna Zyskowska pomoc\",\"breadcrumb\":{\"@id\":\"https:\/\/www.zsk.olsztyn.pl\/przedszkole\/o-przedszkolu\/kadra-pedagogiczna\/#breadcrumb\"},\"inLanguage\":\"pl-PL\",\"potentialAction\":[{\"@type\":\"ReadAction\",\"target\":[\"https:\/\/www.zsk.olsztyn.pl\/przedszkole\/o-przedszkolu\/kadra-pedagogiczna\/\"]}]},{\"@type\":\"BreadcrumbList\",\"@id\":\"https:\/\/www.zsk.olsztyn.pl\/przedszkole\/o-przedszkolu\/kadra-pedagogiczna\/#breadcrumb\",\"itemListElement\":[{\"@type\":\"ListItem\",\"position\":1,\"name\":\"Strona g\u0142\u00f3wna\",\"item\":\"https:\/\/www.zsk.olsztyn.pl\/przedszkole\/\"},{\"@type\":\"ListItem\",\"position\":2,\"name\":\"O przedszkolu\",\"item\":\"https:\/\/www.zsk.olsztyn.pl\/przedszkole\/o-przedszkolu\/\"},{\"@type\":\"ListItem\",\"position\":3,\"name\":\"Kadra pedagogiczna\"}]}]}<\/script>\n<!-- \/ Yoast SEO plugin. -->","yoast_head_json":{"title":"Kadra pedagogiczna - Katolicki Zesp\u00f3\u0142 Edukacyjny - Niepubliczne przedszkole","description":"Duszpasterze przedszkola ks. pra\u0142at Andrzej Pluta dyrektor Anna Rykowska Grupa 3 latk\u00f3w: wychowawcy grupy mgr Magdalena Zapadka mgr Anna Zyskowska pomoc","robots":{"index":"index","follow":"follow","max-snippet":"max-snippet:-1","max-image-preview":"max-image-preview:large","max-video-preview":"max-video-preview:-1"},"canonical":"https:\/\/www.zsk.olsztyn.pl\/przedszkole\/o-przedszkolu\/kadra-pedagogiczna\/","twitter_misc":{"Szacowany czas czytania":"1 minuta"},"schema":{"@context":"https:\/\/schema.org","@graph":[{"@type":"WebSite","@id":"https:\/\/www.zsk.olsztyn.pl\/przedszkole\/#website","url":"https:\/\/www.zsk.olsztyn.pl\/przedszkole\/","name":"Katolicki Zesp\u00f3\u0142 Edukacyjny - Niepubliczne przedszkole","description":"Zapraszamy na stron\u0119 katolickiego niepublicznego przedszkola","potentialAction":[{"@type":"SearchAction","target":{"@type":"EntryPoint","urlTemplate":"https:\/\/www.zsk.olsztyn.pl\/przedszkole\/?s={search_term_string}"},"query-input":"required name=search_term_string"}],"inLanguage":"pl-PL"},{"@type":"WebPage","@id":"https:\/\/www.zsk.olsztyn.pl\/przedszkole\/o-przedszkolu\/kadra-pedagogiczna\/#webpage","url":"https:\/\/www.zsk.olsztyn.pl\/przedszkole\/o-przedszkolu\/kadra-pedagogiczna\/","name":"Kadra pedagogiczna - Katolicki Zesp\u00f3\u0142 Edukacyjny - Niepubliczne przedszkole","isPartOf":{"@id":"https:\/\/www.zsk.olsztyn.pl\/przedszkole\/#website"},"datePublished":"2014-06-05T14:40:12+00:00","dateModified":"2025-09-23T08:26:44+00:00","description":"Duszpasterze przedszkola ks. pra\u0142at Andrzej Pluta dyrektor Anna Rykowska Grupa 3 latk\u00f3w: wychowawcy grupy mgr Magdalena Zapadka mgr Anna Zyskowska pomoc","breadcrumb":{"@id":"https:\/\/www.zsk.olsztyn.pl\/przedszkole\/o-przedszkolu\/kadra-pedagogiczna\/#breadcrumb"},"inLanguage":"pl-PL","potentialAction":[{"@type":"ReadAction","target":["https:\/\/www.zsk.olsztyn.pl\/przedszkole\/o-przedszkolu\/kadra-pedagogiczna\/"]}]},{"@type":"BreadcrumbList","@id":"https:\/\/www.zsk.olsztyn.pl\/przedszkole\/o-przedszkolu\/kadra-pedagogiczna\/#breadcrumb","itemListElement":[{"@type":"ListItem","position":1,"name":"Strona g\u0142\u00f3wna","item":"https:\/\/www.zsk.olsztyn.pl\/przedszkole\/"},{"@type":"ListItem","position":2,"name":"O przedszkolu","item":"https:\/\/www.zsk.olsztyn.pl\/przedszkole\/o-przedszkolu\/"},{"@type":"ListItem","position":3,"name":"Kadra pedagogiczna"}]}]}},"_links":{"self":[{"href":"https:\/\/www.zsk.olsztyn.pl\/przedszkole\/wp-json\/wp\/v2\/pages\/1285"}],"collection":[{"href":"https:\/\/www.zsk.olsztyn.pl\/przedszkole\/wp-json\/wp\/v2\/pages"}],"about":[{"href":"https:\/\/www.zsk.olsztyn.pl\/przedszkole\/wp-json\/wp\/v2\/types\/page"}],"author":[{"embeddable":true,"href":"https:\/\/www.zsk.olsztyn.pl\/przedszkole\/wp-json\/wp\/v2\/users\/1"}],"replies":[{"embeddable":true,"href":"https:\/\/www.zsk.olsztyn.pl\/przedszkole\/wp-json\/wp\/v2\/comments?post=1285"}],"version-history":[{"count":64,"href":"https:\/\/www.zsk.olsztyn.pl\/przedszkole\/wp-json\/wp\/v2\/pages\/1285\/revisions"}],"predecessor-version":[{"id":23813,"href":"https:\/\/www.zsk.olsztyn.pl\/przedszkole\/wp-json\/wp\/v2\/pages\/1285\/revisions\/23813"}],"up":[{"embeddable":true,"href":"https:\/\/www.zsk.olsztyn.pl\/przedszkole\/wp-json\/wp\/v2\/pages\/1239"}],"wp:attachment":[{"href":"https:\/\/www.zsk.olsztyn.pl\/przedszkole\/wp-json\/wp\/v2\/media?parent=1285"}],"curies":[{"name":"wp","href":"https:\/\/api.w.org\/{rel}","templated":true}]}}

<p>[vc_row][vc_column][na_tytul tytul=&#8221;KADRA PRZEDSZKOLA w 2021/2022r.&#8221; tytuln=&#8221;KADRA PRZEDSZKOLA w 2025/2026r.&#8221;][vc_column_text]</p>
<h4 class="cent podt">Duszpasterze przedszkola</h4>
<h3 class="cent">ks. prałat Andrzej Pluta</h3>
<h4 class="podt cent">dyrektor</h4>
<h3 class="cent">Anna Rykowska</h3>
<p>[/vc_column_text][/vc_column][/vc_row][vc_row el_class=&#8221;kadra_gr kadra_bb&#8221;][vc_column width=&#8221;1/2&#8243;][vc_column_text el_class=&#8221;kbx&#8221;]</p>
<h3>Grupa 3 latków:</h3>
<p class="kadra_tyt">wychowawcy grupy</p>
<p>mgr Magdalena Zapadka<br />
mgr Anna Zyskowska</p>
<p class="kadra_tyt">pomoc nauczyciela</p>
<p>Justyna Pomorska<br />
[/vc_column_text][/vc_column][vc_column width=&#8221;1/2&#8243;][vc_column_text el_class=&#8221;kbx&#8221;]</p>
<h3>Grupa 4 latków:</h3>
<p class="kadra_tyt">wychowawcy grupy</p>
<p>mgr Dorota Bączek<br />
mgr Małgorzata Szczecina<br />
mgr Małgorzata Wyrozębska</p>
<p class="kadra_tyt">pomoc nauczyciela</p>
<p>Agnieszka Dyńska<br />
[/vc_column_text][/vc_column][/vc_row][vc_row el_class=&#8221;kadra_gr&#8221;][vc_column width=&#8221;1/2&#8243;][vc_column_text]</p>
<h3>Grupa 5 latków:</h3>
<p class="kadra_tyt">wychowawcy grupy</p>
<p>mgr Monika Swędrowska<br />
mgr Aleksandra Sochacka</p>
<p>mgr Żaneta Kozicka</p>
<p class="kadra_tyt">pomoc nauczyciela</p>
<p>Jolanta Sienkiewicz[/vc_column_text][/vc_column][vc_column width=&#8221;1/2&#8243;][vc_column_text]</p>
<h3>Grupa 6 latków:</h3>
<p class="kadra_tyt">wychowawcy grupy</p>
<p>mgr Karolina Morawska<br />
lic. Amelia Kubat<br />
mgr Joanna Hir<br />
[/vc_column_text][/vc_column][/vc_row][vc_row el_class=&#8221;kadra_gr&#8221;][vc_column][vc_column_text]</p>
<h4 class="cent podt">Katecheza</h4>
<h3 class="cent">Katarzyna Kubacz</h3>
<h4 class="podt cent">Logopedia</h4>
<h3 class="cent">Natalia Jakubowska</h3>
<h4 class="podt cent">Terapia pedagogiczna</h4>
<h3 class="cent">Joanna Feret</h3>
<h4 class="podt cent">Integracja sensoryczna</h4>
<h3 class="cent">Karolina Draba</h3>
<h4 class="podt cent">Rehabilitacja</h4>
<h3 class="cent">Katarzyna Tuszyńska</h3>
<h4 class="podt cent">Psycholog</h4>
<h3 class="cent">Małgorzata Rakowiecka</h3>
<h4 class="podt cent">Zajęcia muzyczne</h4>
<h3 class="cent">Joanna Tomkowska</h3>
<h4 class="podt cent">Szachy</h4>
<h3 class="cent">Aleksander Malczyk</h3>
<h4 class="podt cent">Rękodzieło</h4>
<h3 class="cent">Emilia Prószyńska</h3>
<h4 class="podt cent">Język angielski</h4>
<h3 class="cent">wychowawcy grup</h3>
<h4 class="podt cent">Tańce</h4>
<h3 class="cent">Szkoła Tańca Wasilewski-Felska</h3>
<p>[/vc_column_text][/vc_column][/vc_row]</p>

<p>[vc_row][vc_column][na_tytul tytul=&#8221;KADRA PRZEDSZKOLA w 2021/2022r.&#8221; tytuln=&#8221;KADRA PRZEDSZKOLA w 2025/2026r.&#8221;][vc_column_text] Duszpasterze przedszkola ks. prałat Andrzej Pluta dyrektor Anna Rykowska [/vc_column_text][/vc_column][/vc_row][vc_row el_class=&#8221;kadra_gr kadra_bb&#8221;][vc_column width=&#8221;1/2&#8243;][vc_column_text el_class=&#8221;kbx&#8221;] Grupa 3 latków: wychowawcy grupy mgr Magdalena Zapadka mgr Anna Zyskowska pomoc nauczyciela Justyna Pomorska [/vc_column_text][/vc_column][vc_column width=&#8221;1/2&#8243;][vc_column_text el_class=&#8221;kbx&#8221;] Grupa 4 latków: wychowawcy grupy mgr Dorota Bączek mgr Małgorzata Szczecina mgr Małgorzata Wyrozębska</p>

<!-- This site is optimized with the Yoast SEO plugin v18.2 - https://yoast.com/wordpress/plugins/seo/ -->
<title>Kadra pedagogiczna - Katolicki Zespół Edukacyjny - Niepubliczne przedszkole</title>
<meta name="description" content="Duszpasterze przedszkola ks. prałat Andrzej Pluta dyrektor Anna Rykowska Grupa 3 latków: wychowawcy grupy mgr Magdalena Zapadka mgr Anna Zyskowska pomoc" />
<meta name="robots" content="index, follow, max-snippet:-1, max-image-preview:large, max-video-preview:-1" />
<link rel="canonical" href="https://www.zsk.olsztyn.pl/przedszkole/o-przedszkolu/kadra-pedagogiczna/" />
<meta name="twitter:label1" content="Szacowany czas czytania" />
	<meta name="twitter:data1" content="1 minuta" />
<script type="application/ld+json" class="yoast-schema-graph">{"@context":"https://schema.org","@graph":[{"@type":"WebSite","@id":"https://www.zsk.olsztyn.pl/przedszkole/#website","url":"https://www.zsk.olsztyn.pl/przedszkole/","name":"Katolicki Zespół Edukacyjny - Niepubliczne przedszkole","description":"Zapraszamy na stronę katolickiego niepublicznego przedszkola","potentialAction":[{"@type":"SearchAction","target":{"@type":"EntryPoint","urlTemplate":"https://www.zsk.olsztyn.pl/przedszkole/?s={search_term_string}"},"query-input":"required name=search_term_string"}],"inLanguage":"pl-PL"},{"@type":"WebPage","@id":"https://www.zsk.olsztyn.pl/przedszkole/o-przedszkolu/kadra-pedagogiczna/#webpage","url":"https://www.zsk.olsztyn.pl/przedszkole/o-przedszkolu/kadra-pedagogiczna/","name":"Kadra pedagogiczna - Katolicki Zespół Edukacyjny - Niepubliczne przedszkole","isPartOf":{"@id":"https://www.zsk.olsztyn.pl/przedszkole/#website"},"datePublished":"2014-06-05T14:40:12+00:00","dateModified":"2025-09-23T08:26:44+00:00","description":"Duszpasterze przedszkola ks. prałat Andrzej Pluta dyrektor Anna Rykowska Grupa 3 latków: wychowawcy grupy mgr Magdalena Zapadka mgr Anna Zyskowska pomoc","breadcrumb":{"@id":"https://www.zsk.olsztyn.pl/przedszkole/o-przedszkolu/kadra-pedagogiczna/#breadcrumb"},"inLanguage":"pl-PL","potentialAction":[{"@type":"ReadAction","target":["https://www.zsk.olsztyn.pl/przedszkole/o-przedszkolu/kadra-pedagogiczna/"]}]},{"@type":"BreadcrumbList","@id":"https://www.zsk.olsztyn.pl/przedszkole/o-przedszkolu/kadra-pedagogiczna/#breadcrumb","itemListElement":[{"@type":"ListItem","position":1,"name":"Strona główna","item":"https://www.zsk.olsztyn.pl/przedszkole/"},{"@type":"ListItem","position":2,"name":"O przedszkolu","item":"https://www.zsk.olsztyn.pl/przedszkole/o-przedszkolu/"},{"@type":"ListItem","position":3,"name":"Kadra pedagogiczna"}]}]}</script>
<!-- / Yoast SEO plugin. -->

Kadra pedagogiczna - Katolicki Zespół Edukacyjny - Niepubliczne przedszkole

Duszpasterze przedszkola ks. prałat Andrzej Pluta dyrektor Anna Rykowska Grupa 3 latków: wychowawcy grupy mgr Magdalena Zapadka mgr Anna Zyskowska pomoc

Katolicki Zespół Edukacyjny - Niepubliczne przedszkole

Zapraszamy na stronę katolickiego niepublicznego przedszkola

Strona główna
