{"id":1262,"date":"2014-06-05T16:17:10","date_gmt":"2014-06-05T14:17:10","guid":{"rendered":"http:\/\/www.zsk.olsztyn.pl\/przedszkole\/?page_id=1262"},"modified":"2022-02-25T01:23:17","modified_gmt":"2022-02-24T23:23:17","slug":"patron","status":"publish","type":"page","link":"https:\/\/www.zsk.olsztyn.pl\/przedszkole\/o-przedszkolu\/patron\/","title":{"rendered":"Patron"},"content":{"rendered":"<p>[vc_row][vc_column][na_tytul tytuln=&#8221;Patron&#8221;][vc_column_text]<\/p>\n<p class=\"cent\"><span style=\"color: #008000;\"><strong>Patronem Przedszkola jest \u015awi\u0119ta Rodzina z Nazaretu<\/strong><\/span><\/p>\n<div class=\"centruj\"><img loading=\"lazy\" class=\"aligncenter\" src=\"\/szkola\/wp-content\/uploads\/2019\/06\/logo_male_nowe.jpg\" alt=\"Patron Katolickiej Szko\u0142y Podstawowej w Olsztynie\" width=\"110\" height=\"170\">Jest ona wzorem dla ca\u0142ej spo\u0142eczno\u015bci szkolnej do na\u015bladowania, a jednocze\u015bnie naszym opiekunem duchowym. Pomys\u0142 nadania takiego imienia wyszed\u0142 ze Stowarzyszenia \u015awi\u0119tej Rodziny \u2013 za\u0142o\u017cyciela i organu prowadz\u0105cego plac\u00f3wk\u0119. \u0179r\u00f3d\u0142em inspiracji by\u0142a wsp\u00f3lnota modlitewna Instytutu \u015awi\u0119tej Rodziny w \u0141omiankach k. Warszawy.Rodzina \u015awi\u0119ta &#8211; jako wsp\u00f3lnota os\u00f3b &#8211; ma wielkie znaczenie w \u017cyciu naszej szko\u0142y. Na Jej wz\u00f3r kszta\u0142towane s\u0105 w\u015br\u00f3d uczni\u00f3w takie warto\u015bci, jak: mi\u0142o\u015b\u0107, braterstwo, poszanowanie drugiego poprzez realizowanie modlitwy, pracy i wypoczynku.<\/p>\n<p>\u015awi\u0119ta Rodzina uczy pedagog\u00f3w i rodzic\u00f3w jak wychowywa\u0107 m\u0142odzie\u017c i dzieci, jak spe\u0142nia\u0107 swe w\u0142asne powo\u0142anie w rodzinie \u2013 tej najmniejszej i bardzo wa\u017cnej wsp\u00f3lnocie ludzkiej.<\/p>\n<p>\u015awi\u0119ta Rodzina jest ikon\u0105, kt\u00f3ra znajduje si\u0119 w Kaplicy Instytutu \u015awi\u0119tej Rodziny w \u0141omiankach. Wykona\u0142a j\u0105 siostra Miriam ze Szczeci\u0144skiego Karmelu Mi\u0142o\u015bci Mi\u0142osiernej. Oparta jest na motywie \u201eTr\u00f3jcy Niebieskiej\u201d (Tr\u00f3jca Niebieska to B\u00f3g Ojciec, Syn Bo\u017cy i Duch \u015awi\u0119ty) i \u201eTr\u00f3jcy Ziemskiej\u201d (tj. Jezus, Maryja i J\u00f3zef).<\/p>\n<p>Cz\u0142owiek, kt\u00f3ry jest obrazem i podobie\u0144stwem Boga spe\u0142nia to podobie\u0144stwo przez rodzicielstwo, dzieci\u0119ctwo (sam jest dzieckiem i przyjmuje dzieci) oraz przez kierowanie si\u0119 w \u017cyciu Duchem Prawdy i Mi\u0142o\u015bci.<\/p>\n<p>Osoby boskie s\u0105 umiejscowione w linii pionowej: B\u00f3g Ojciec jako b\u0142ogos\u0142awi\u0105ca r\u0119ka; Syn Bo\u017cy jako dziecko, a jednocze\u015bnie jako kap\u0142an; a Duch \u015awi\u0119ty jako zielony kr\u0105g (nadzieja) obejmuj\u0105cy wszystko.<\/p>\n<p>Linia pionowa wskazuje na relacje zachodz\u0105ce miedzy Bogiem i cz\u0142owiekiem \u2013 co oznacza wielk\u0105 rzeczywisto\u015b\u0107, kt\u00f3ra nieustannie p\u0142ynie z g\u00f3ry do do\u0142u i z do\u0142u do g\u00f3ry. Chrystus jest Bogiem i Cz\u0142owiekiem jednocze\u015bnie, i dlatego jest takim wielkim oparciem.<\/p>\n<p>W linii poziomej mamy trzy najwa\u017cniejsze istoty na \u015bwiecie, od kt\u00f3rych zale\u017cy przysz\u0142o\u015b\u0107 \u015bwiata i wieczne zbawienie ludzko\u015bci: m\u0119\u017cczyzna, kobieta i dziecko. S\u0105 oni jedno\u015bci\u0105 najwy\u017cszej wagi, poniewa\u017c \u0142\u0105cz\u0105 w sobie oba wymiary \u2013 pionowy i poziomy \u2013 a wi\u0119c wszystko.<\/p>\n<p>Chrystus stoi na o\u0142tarzu, co oznacza, \u017ce oddaje Ojcu w liturgii \u015bwiat i \u017cycie. Ofiarowuje Ojcu osoby, rodziny, wsp\u00f3lnoty i \u015bwiat.<\/p>\n<p>Ca\u0142a kompozycja pragnie przem\u00f3wi\u0107 prawd\u0105 o zamy\u015ble Bo\u017cym wobec ma\u0142\u017ce\u0144stwa i rodziny, a tak\u017ce ka\u017cdej wsp\u00f3lnoty.<\/p>\n<\/div>\n<p>[\/vc_column_text][\/vc_column][\/vc_row]<\/p>\n","protected":false},"excerpt":{"rendered":"<p>[vc_row][vc_column][na_tytul tytuln=&#8221;Patron&#8221;][vc_column_text] Patronem Przedszkola jest \u015awi\u0119ta Rodzina z Nazaretu Jest ona wzorem dla ca\u0142ej spo\u0142eczno\u015bci szkolnej do na\u015bladowania, a jednocze\u015bnie naszym opiekunem duchowym. Pomys\u0142 nadania takiego imienia wyszed\u0142 ze Stowarzyszenia \u015awi\u0119tej Rodziny \u2013 za\u0142o\u017cyciela i organu prowadz\u0105cego plac\u00f3wk\u0119. \u0179r\u00f3d\u0142em inspiracji by\u0142a wsp\u00f3lnota modlitewna Instytutu \u015awi\u0119tej Rodziny w \u0141omiankach k. Warszawy.Rodzina \u015awi\u0119ta &#8211; jako wsp\u00f3lnota os\u00f3b<\/p>\n","protected":false},"author":1,"featured_media":0,"parent":1239,"menu_order":0,"comment_status":"open","ping_status":"open","template":"","meta":[],"yoast_head":"<!-- This site is optimized with the Yoast SEO plugin v18.2 - https:\/\/yoast.com\/wordpress\/plugins\/seo\/ -->\n<title>Patron - Katolicki Zesp\u00f3\u0142 Edukacyjny - Niepubliczne przedszkole<\/title>\n<meta name=\"description\" content=\"Patronem Przedszkola jest \u015awi\u0119ta Rodzina z Nazaretu Jest ona wzorem dla ca\u0142ej spo\u0142eczno\u015bci szkolnej do na\u015bladowania, a jednocze\u015bnie naszym opiekunem\" \/>\n<meta name=\"robots\" content=\"index, follow, max-snippet:-1, max-image-preview:large, max-video-preview:-1\" \/>\n<link rel=\"canonical\" href=\"https:\/\/www.zsk.olsztyn.pl\/przedszkole\/o-przedszkolu\/patron\/\" \/>\n<meta name=\"twitter:label1\" content=\"Szacowany czas czytania\" \/>\n\t<meta name=\"twitter:data1\" content=\"2 minuty\" \/>\n<script type=\"application\/ld+json\" class=\"yoast-schema-graph\">{\"@context\":\"https:\/\/schema.org\",\"@graph\":[{\"@type\":\"WebSite\",\"@id\":\"https:\/\/www.zsk.olsztyn.pl\/przedszkole\/#website\",\"url\":\"https:\/\/www.zsk.olsztyn.pl\/przedszkole\/\",\"name\":\"Katolicki Zesp\u00f3\u0142 Edukacyjny - Niepubliczne przedszkole\",\"description\":\"Zapraszamy na stron\u0119 katolickiego niepublicznego przedszkola\",\"potentialAction\":[{\"@type\":\"SearchAction\",\"target\":{\"@type\":\"EntryPoint\",\"urlTemplate\":\"https:\/\/www.zsk.olsztyn.pl\/przedszkole\/?s={search_term_string}\"},\"query-input\":\"required name=search_term_string\"}],\"inLanguage\":\"pl-PL\"},{\"@type\":\"ImageObject\",\"@id\":\"https:\/\/www.zsk.olsztyn.pl\/przedszkole\/o-przedszkolu\/patron\/#primaryimage\",\"inLanguage\":\"pl-PL\",\"url\":\"\/szkola\/wp-content\/uploads\/2019\/06\/logo_male_nowe.jpg\",\"contentUrl\":\"\/szkola\/wp-content\/uploads\/2019\/06\/logo_male_nowe.jpg\"},{\"@type\":\"WebPage\",\"@id\":\"https:\/\/www.zsk.olsztyn.pl\/przedszkole\/o-przedszkolu\/patron\/#webpage\",\"url\":\"https:\/\/www.zsk.olsztyn.pl\/przedszkole\/o-przedszkolu\/patron\/\",\"name\":\"Patron - Katolicki Zesp\u00f3\u0142 Edukacyjny - Niepubliczne przedszkole\",\"isPartOf\":{\"@id\":\"https:\/\/www.zsk.olsztyn.pl\/przedszkole\/#website\"},\"primaryImageOfPage\":{\"@id\":\"https:\/\/www.zsk.olsztyn.pl\/przedszkole\/o-przedszkolu\/patron\/#primaryimage\"},\"datePublished\":\"2014-06-05T14:17:10+00:00\",\"dateModified\":\"2022-02-24T23:23:17+00:00\",\"description\":\"Patronem Przedszkola jest \u015awi\u0119ta Rodzina z Nazaretu Jest ona wzorem dla ca\u0142ej spo\u0142eczno\u015bci szkolnej do na\u015bladowania, a jednocze\u015bnie naszym opiekunem\",\"breadcrumb\":{\"@id\":\"https:\/\/www.zsk.olsztyn.pl\/przedszkole\/o-przedszkolu\/patron\/#breadcrumb\"},\"inLanguage\":\"pl-PL\",\"potentialAction\":[{\"@type\":\"ReadAction\",\"target\":[\"https:\/\/www.zsk.olsztyn.pl\/przedszkole\/o-przedszkolu\/patron\/\"]}]},{\"@type\":\"BreadcrumbList\",\"@id\":\"https:\/\/www.zsk.olsztyn.pl\/przedszkole\/o-przedszkolu\/patron\/#breadcrumb\",\"itemListElement\":[{\"@type\":\"ListItem\",\"position\":1,\"name\":\"Strona g\u0142\u00f3wna\",\"item\":\"https:\/\/www.zsk.olsztyn.pl\/przedszkole\/\"},{\"@type\":\"ListItem\",\"position\":2,\"name\":\"O przedszkolu\",\"item\":\"https:\/\/www.zsk.olsztyn.pl\/przedszkole\/o-przedszkolu\/\"},{\"@type\":\"ListItem\",\"position\":3,\"name\":\"Patron\"}]}]}<\/script>\n<!-- \/ Yoast SEO plugin. -->","yoast_head_json":{"title":"Patron - Katolicki Zesp\u00f3\u0142 Edukacyjny - Niepubliczne przedszkole","description":"Patronem Przedszkola jest \u015awi\u0119ta Rodzina z Nazaretu Jest ona wzorem dla ca\u0142ej spo\u0142eczno\u015bci szkolnej do na\u015bladowania, a jednocze\u015bnie naszym opiekunem","robots":{"index":"index","follow":"follow","max-snippet":"max-snippet:-1","max-image-preview":"max-image-preview:large","max-video-preview":"max-video-preview:-1"},"canonical":"https:\/\/www.zsk.olsztyn.pl\/przedszkole\/o-przedszkolu\/patron\/","twitter_misc":{"Szacowany czas czytania":"2 minuty"},"schema":{"@context":"https:\/\/schema.org","@graph":[{"@type":"WebSite","@id":"https:\/\/www.zsk.olsztyn.pl\/przedszkole\/#website","url":"https:\/\/www.zsk.olsztyn.pl\/przedszkole\/","name":"Katolicki Zesp\u00f3\u0142 Edukacyjny - Niepubliczne przedszkole","description":"Zapraszamy na stron\u0119 katolickiego niepublicznego przedszkola","potentialAction":[{"@type":"SearchAction","target":{"@type":"EntryPoint","urlTemplate":"https:\/\/www.zsk.olsztyn.pl\/przedszkole\/?s={search_term_string}"},"query-input":"required name=search_term_string"}],"inLanguage":"pl-PL"},{"@type":"ImageObject","@id":"https:\/\/www.zsk.olsztyn.pl\/przedszkole\/o-przedszkolu\/patron\/#primaryimage","inLanguage":"pl-PL","url":"\/szkola\/wp-content\/uploads\/2019\/06\/logo_male_nowe.jpg","contentUrl":"\/szkola\/wp-content\/uploads\/2019\/06\/logo_male_nowe.jpg"},{"@type":"WebPage","@id":"https:\/\/www.zsk.olsztyn.pl\/przedszkole\/o-przedszkolu\/patron\/#webpage","url":"https:\/\/www.zsk.olsztyn.pl\/przedszkole\/o-przedszkolu\/patron\/","name":"Patron - Katolicki Zesp\u00f3\u0142 Edukacyjny - Niepubliczne przedszkole","isPartOf":{"@id":"https:\/\/www.zsk.olsztyn.pl\/przedszkole\/#website"},"primaryImageOfPage":{"@id":"https:\/\/www.zsk.olsztyn.pl\/przedszkole\/o-przedszkolu\/patron\/#primaryimage"},"datePublished":"2014-06-05T14:17:10+00:00","dateModified":"2022-02-24T23:23:17+00:00","description":"Patronem Przedszkola jest \u015awi\u0119ta Rodzina z Nazaretu Jest ona wzorem dla ca\u0142ej spo\u0142eczno\u015bci szkolnej do na\u015bladowania, a jednocze\u015bnie naszym opiekunem","breadcrumb":{"@id":"https:\/\/www.zsk.olsztyn.pl\/przedszkole\/o-przedszkolu\/patron\/#breadcrumb"},"inLanguage":"pl-PL","potentialAction":[{"@type":"ReadAction","target":["https:\/\/www.zsk.olsztyn.pl\/przedszkole\/o-przedszkolu\/patron\/"]}]},{"@type":"BreadcrumbList","@id":"https:\/\/www.zsk.olsztyn.pl\/przedszkole\/o-przedszkolu\/patron\/#breadcrumb","itemListElement":[{"@type":"ListItem","position":1,"name":"Strona g\u0142\u00f3wna","item":"https:\/\/www.zsk.olsztyn.pl\/przedszkole\/"},{"@type":"ListItem","position":2,"name":"O przedszkolu","item":"https:\/\/www.zsk.olsztyn.pl\/przedszkole\/o-przedszkolu\/"},{"@type":"ListItem","position":3,"name":"Patron"}]}]}},"_links":{"self":[{"href":"https:\/\/www.zsk.olsztyn.pl\/przedszkole\/wp-json\/wp\/v2\/pages\/1262"}],"collection":[{"href":"https:\/\/www.zsk.olsztyn.pl\/przedszkole\/wp-json\/wp\/v2\/pages"}],"about":[{"href":"https:\/\/www.zsk.olsztyn.pl\/przedszkole\/wp-json\/wp\/v2\/types\/page"}],"author":[{"embeddable":true,"href":"https:\/\/www.zsk.olsztyn.pl\/przedszkole\/wp-json\/wp\/v2\/users\/1"}],"replies":[{"embeddable":true,"href":"https:\/\/www.zsk.olsztyn.pl\/przedszkole\/wp-json\/wp\/v2\/comments?post=1262"}],"version-history":[{"count":6,"href":"https:\/\/www.zsk.olsztyn.pl\/przedszkole\/wp-json\/wp\/v2\/pages\/1262\/revisions"}],"predecessor-version":[{"id":14020,"href":"https:\/\/www.zsk.olsztyn.pl\/przedszkole\/wp-json\/wp\/v2\/pages\/1262\/revisions\/14020"}],"up":[{"embeddable":true,"href":"https:\/\/www.zsk.olsztyn.pl\/przedszkole\/wp-json\/wp\/v2\/pages\/1239"}],"wp:attachment":[{"href":"https:\/\/www.zsk.olsztyn.pl\/przedszkole\/wp-json\/wp\/v2\/media?parent=1262"}],"curies":[{"name":"wp","href":"https:\/\/api.w.org\/{rel}","templated":true}]}}