{"id":1239,"date":"2014-06-05T15:52:28","date_gmt":"2014-06-05T13:52:28","guid":{"rendered":"http:\/\/www.zsk.olsztyn.pl\/przedszkole\/?page_id=1239"},"modified":"2024-06-24T19:39:57","modified_gmt":"2024-06-24T17:39:57","slug":"o-przedszkolu","status":"publish","type":"page","link":"https:\/\/www.zsk.olsztyn.pl\/przedszkole\/o-przedszkolu\/","title":{"rendered":"O przedszkolu"},"content":{"rendered":"<p>[vc_row][vc_column][na_tytul tytuln=&#8221;O przedszkolu&#8221;][vc_column_text]<em><strong>Troch\u0119 o specyfice przedszkola <\/strong><\/em><\/p>\n<p>Niepubliczne Przedszkole im. \u015awi\u0119tej Rodziny powsta\u0142o w 2000 roku jako druga plac\u00f3wka katolicka za\u0142o\u017cona i prowadzona przez Stowarzyszenie \u015awi\u0119tej Rodziny.<\/p>\n<p>Nasza plac\u00f3wka jest najm\u0142odszym ogniwem (uwzgl\u0119dniaj\u0105c wiek dzieci) Katolickiego Zespo\u0142u Edukacyjnego im. \u015awi\u0119tej Rodziny (przedszkole, szko\u0142a podstawowa i liceum), dzia\u0142aj\u0105cego na terenie Olsztyna.<\/p>\n<p>Najwa\u017cniejszym zadaniem naszego przedszkola, opr\u00f3cz zamierze\u0144 dydaktycznych, jest przekazanie wychowankom zwyczaj\u00f3w, tradycji i warto\u015bci chrze\u015bcija\u0144skich wyp\u0142ywaj\u0105cych z katolickich korzeni naszego narodu.<\/p>\n<p>Wychowanie i nauczanie dziecka jest wielkim wyzwaniem, do kt\u00f3rego cz\u0142owiek \u2013 z natury s\u0142aby \u2013 potrzebuje duchowego wsparcia. Tak\u0105 duchow\u0105 pomoc\u0105 dla ca\u0142ej spo\u0142eczno\u015bci przedszkolnej (szczeg\u00f3lnie rodzic\u00f3w i pracownik\u00f3w) jest \u015awi\u0119ta Rodzina z Nazaretu obrana za Patrona plac\u00f3wki.[\/vc_column_text][\/vc_column][\/vc_row]<\/p>\n","protected":false},"excerpt":{"rendered":"<p>[vc_row][vc_column][na_tytul tytuln=&#8221;O przedszkolu&#8221;][vc_column_text]Troch\u0119 o specyfice przedszkola Niepubliczne Przedszkole im. \u015awi\u0119tej Rodziny powsta\u0142o w 2000 roku jako druga plac\u00f3wka katolicka za\u0142o\u017cona i prowadzona przez Stowarzyszenie \u015awi\u0119tej Rodziny. Nasza plac\u00f3wka jest najm\u0142odszym ogniwem (uwzgl\u0119dniaj\u0105c wiek dzieci) Katolickiego Zespo\u0142u Edukacyjnego im. \u015awi\u0119tej Rodziny (przedszkole, szko\u0142a podstawowa i liceum), dzia\u0142aj\u0105cego na terenie Olsztyna. Najwa\u017cniejszym zadaniem naszego przedszkola, opr\u00f3cz zamierze\u0144<\/p>\n","protected":false},"author":1,"featured_media":0,"parent":0,"menu_order":0,"comment_status":"open","ping_status":"open","template":"","meta":[],"yoast_head":"<!-- This site is optimized with the Yoast SEO plugin v18.2 - https:\/\/yoast.com\/wordpress\/plugins\/seo\/ -->\n<title>O przedszkolu - Katolicki Zesp\u00f3\u0142 Edukacyjny - Niepubliczne przedszkole<\/title>\n<meta name=\"description\" content=\"Troch\u0119 o specyfice przedszkola Niepubliczne Przedszkole im. \u015awi\u0119tej Rodziny powsta\u0142o w 2000 roku jako druga plac\u00f3wka katolicka za\u0142o\u017cona i prowadzona przez\" \/>\n<meta name=\"robots\" content=\"index, follow, max-snippet:-1, max-image-preview:large, max-video-preview:-1\" \/>\n<link rel=\"canonical\" href=\"https:\/\/www.zsk.olsztyn.pl\/przedszkole\/o-przedszkolu\/\" \/>\n<meta name=\"twitter:label1\" content=\"Szacowany czas czytania\" \/>\n\t<meta name=\"twitter:data1\" content=\"1 minuta\" \/>\n<script type=\"application\/ld+json\" class=\"yoast-schema-graph\">{\"@context\":\"https:\/\/schema.org\",\"@graph\":[{\"@type\":\"WebSite\",\"@id\":\"https:\/\/www.zsk.olsztyn.pl\/przedszkole\/#website\",\"url\":\"https:\/\/www.zsk.olsztyn.pl\/przedszkole\/\",\"name\":\"Katolicki Zesp\u00f3\u0142 Edukacyjny - Niepubliczne przedszkole\",\"description\":\"Zapraszamy na stron\u0119 katolickiego niepublicznego przedszkola\",\"potentialAction\":[{\"@type\":\"SearchAction\",\"target\":{\"@type\":\"EntryPoint\",\"urlTemplate\":\"https:\/\/www.zsk.olsztyn.pl\/przedszkole\/?s={search_term_string}\"},\"query-input\":\"required name=search_term_string\"}],\"inLanguage\":\"pl-PL\"},{\"@type\":\"WebPage\",\"@id\":\"https:\/\/www.zsk.olsztyn.pl\/przedszkole\/o-przedszkolu\/#webpage\",\"url\":\"https:\/\/www.zsk.olsztyn.pl\/przedszkole\/o-przedszkolu\/\",\"name\":\"O przedszkolu - Katolicki Zesp\u00f3\u0142 Edukacyjny - Niepubliczne przedszkole\",\"isPartOf\":{\"@id\":\"https:\/\/www.zsk.olsztyn.pl\/przedszkole\/#website\"},\"datePublished\":\"2014-06-05T13:52:28+00:00\",\"dateModified\":\"2024-06-24T17:39:57+00:00\",\"description\":\"Troch\u0119 o specyfice przedszkola Niepubliczne Przedszkole im. \u015awi\u0119tej Rodziny powsta\u0142o w 2000 roku jako druga plac\u00f3wka katolicka za\u0142o\u017cona i prowadzona przez\",\"breadcrumb\":{\"@id\":\"https:\/\/www.zsk.olsztyn.pl\/przedszkole\/o-przedszkolu\/#breadcrumb\"},\"inLanguage\":\"pl-PL\",\"potentialAction\":[{\"@type\":\"ReadAction\",\"target\":[\"https:\/\/www.zsk.olsztyn.pl\/przedszkole\/o-przedszkolu\/\"]}]},{\"@type\":\"BreadcrumbList\",\"@id\":\"https:\/\/www.zsk.olsztyn.pl\/przedszkole\/o-przedszkolu\/#breadcrumb\",\"itemListElement\":[{\"@type\":\"ListItem\",\"position\":1,\"name\":\"Strona g\u0142\u00f3wna\",\"item\":\"https:\/\/www.zsk.olsztyn.pl\/przedszkole\/\"},{\"@type\":\"ListItem\",\"position\":2,\"name\":\"O przedszkolu\"}]}]}<\/script>\n<!-- \/ Yoast SEO plugin. -->","yoast_head_json":{"title":"O przedszkolu - Katolicki Zesp\u00f3\u0142 Edukacyjny - Niepubliczne przedszkole","description":"Troch\u0119 o specyfice przedszkola Niepubliczne Przedszkole im. \u015awi\u0119tej Rodziny powsta\u0142o w 2000 roku jako druga plac\u00f3wka katolicka za\u0142o\u017cona i prowadzona przez","robots":{"index":"index","follow":"follow","max-snippet":"max-snippet:-1","max-image-preview":"max-image-preview:large","max-video-preview":"max-video-preview:-1"},"canonical":"https:\/\/www.zsk.olsztyn.pl\/przedszkole\/o-przedszkolu\/","twitter_misc":{"Szacowany czas czytania":"1 minuta"},"schema":{"@context":"https:\/\/schema.org","@graph":[{"@type":"WebSite","@id":"https:\/\/www.zsk.olsztyn.pl\/przedszkole\/#website","url":"https:\/\/www.zsk.olsztyn.pl\/przedszkole\/","name":"Katolicki Zesp\u00f3\u0142 Edukacyjny - Niepubliczne przedszkole","description":"Zapraszamy na stron\u0119 katolickiego niepublicznego przedszkola","potentialAction":[{"@type":"SearchAction","target":{"@type":"EntryPoint","urlTemplate":"https:\/\/www.zsk.olsztyn.pl\/przedszkole\/?s={search_term_string}"},"query-input":"required name=search_term_string"}],"inLanguage":"pl-PL"},{"@type":"WebPage","@id":"https:\/\/www.zsk.olsztyn.pl\/przedszkole\/o-przedszkolu\/#webpage","url":"https:\/\/www.zsk.olsztyn.pl\/przedszkole\/o-przedszkolu\/","name":"O przedszkolu - Katolicki Zesp\u00f3\u0142 Edukacyjny - Niepubliczne przedszkole","isPartOf":{"@id":"https:\/\/www.zsk.olsztyn.pl\/przedszkole\/#website"},"datePublished":"2014-06-05T13:52:28+00:00","dateModified":"2024-06-24T17:39:57+00:00","description":"Troch\u0119 o specyfice przedszkola Niepubliczne Przedszkole im. \u015awi\u0119tej Rodziny powsta\u0142o w 2000 roku jako druga plac\u00f3wka katolicka za\u0142o\u017cona i prowadzona przez","breadcrumb":{"@id":"https:\/\/www.zsk.olsztyn.pl\/przedszkole\/o-przedszkolu\/#breadcrumb"},"inLanguage":"pl-PL","potentialAction":[{"@type":"ReadAction","target":["https:\/\/www.zsk.olsztyn.pl\/przedszkole\/o-przedszkolu\/"]}]},{"@type":"BreadcrumbList","@id":"https:\/\/www.zsk.olsztyn.pl\/przedszkole\/o-przedszkolu\/#breadcrumb","itemListElement":[{"@type":"ListItem","position":1,"name":"Strona g\u0142\u00f3wna","item":"https:\/\/www.zsk.olsztyn.pl\/przedszkole\/"},{"@type":"ListItem","position":2,"name":"O przedszkolu"}]}]}},"_links":{"self":[{"href":"https:\/\/www.zsk.olsztyn.pl\/przedszkole\/wp-json\/wp\/v2\/pages\/1239"}],"collection":[{"href":"https:\/\/www.zsk.olsztyn.pl\/przedszkole\/wp-json\/wp\/v2\/pages"}],"about":[{"href":"https:\/\/www.zsk.olsztyn.pl\/przedszkole\/wp-json\/wp\/v2\/types\/page"}],"author":[{"embeddable":true,"href":"https:\/\/www.zsk.olsztyn.pl\/przedszkole\/wp-json\/wp\/v2\/users\/1"}],"replies":[{"embeddable":true,"href":"https:\/\/www.zsk.olsztyn.pl\/przedszkole\/wp-json\/wp\/v2\/comments?post=1239"}],"version-history":[{"count":8,"href":"https:\/\/www.zsk.olsztyn.pl\/przedszkole\/wp-json\/wp\/v2\/pages\/1239\/revisions"}],"predecessor-version":[{"id":20482,"href":"https:\/\/www.zsk.olsztyn.pl\/przedszkole\/wp-json\/wp\/v2\/pages\/1239\/revisions\/20482"}],"wp:attachment":[{"href":"https:\/\/www.zsk.olsztyn.pl\/przedszkole\/wp-json\/wp\/v2\/media?parent=1239"}],"curies":[{"name":"wp","href":"https:\/\/api.w.org\/{rel}","templated":true}]}}